Last updated on 2025-05-06 03:51:02 CEST.
Flavor | Version | Tinstall | Tcheck | Ttotal | Status | Flags |
---|---|---|---|---|---|---|
r-devel-linux-x86_64-debian-clang | 1.0.2 | 2.64 | 21.87 | 24.51 | NOTE | |
r-devel-linux-x86_64-debian-gcc | 1.0.2 | 1.92 | 17.35 | 19.27 | NOTE | |
r-devel-linux-x86_64-fedora-clang | 1.0.2 | 37.92 | OK | |||
r-devel-linux-x86_64-fedora-gcc | 1.0.2 | 36.23 | OK | |||
r-devel-windows-x86_64 | 1.0.2 | 3.00 | 43.00 | 46.00 | OK | |
r-patched-linux-x86_64 | 1.0.2 | 2.41 | 21.13 | 23.54 | OK | |
r-release-linux-x86_64 | 1.0.2 | 2.30 | 20.81 | 23.11 | OK | |
r-release-macos-arm64 | 1.0.2 | 16.00 | OK | |||
r-release-macos-x86_64 | 1.0.2 | 26.00 | OK | |||
r-release-windows-x86_64 | 1.0.2 | 3.00 | 44.00 | 47.00 | OK | |
r-oldrel-macos-arm64 | 1.0.2 | 15.00 | OK | |||
r-oldrel-macos-x86_64 | 1.0.2 | 22.00 | OK | |||
r-oldrel-windows-x86_64 | 1.0.2 | 4.00 | 47.00 | 51.00 | OK |
Version: 1.0.2
Check: CRAN incoming feasibility
Result: NOTE
Maintainer: ‘Nadezda Frolova <nfrolova@ualberta.ca>’
No Authors@R field in DESCRIPTION.
Please add one, modifying
Authors@R: c(person(given = "Nadezda",
family = "Frolova",
role = c("aut", "cre"),
email = "nfrolova@ualberta.ca"),
person(given = "Ivor",
family = "Cribben",
role = "aut"))
as necessary.
Flavors: r-devel-linux-x86_64-debian-clang, r-devel-linux-x86_64-debian-gcc