Last updated on 2025-05-06 03:51:02 CEST.
Flavor | Version | Tinstall | Tcheck | Ttotal | Status | Flags |
---|---|---|---|---|---|---|
r-devel-linux-x86_64-debian-clang | 0.2.1 | 5.27 | 68.88 | 74.15 | NOTE | |
r-devel-linux-x86_64-debian-gcc | 0.2.1 | 3.55 | 53.17 | 56.72 | NOTE | |
r-devel-linux-x86_64-fedora-clang | 0.2.1 | 113.22 | OK | |||
r-devel-linux-x86_64-fedora-gcc | 0.2.1 | 121.24 | OK | |||
r-devel-windows-x86_64 | 0.2.1 | 7.00 | 82.00 | 89.00 | OK | |
r-patched-linux-x86_64 | 0.2.1 | 5.70 | 64.21 | 69.91 | OK | |
r-release-linux-x86_64 | 0.2.1 | 5.54 | 63.55 | 69.09 | OK | |
r-release-macos-arm64 | 0.2.1 | 39.00 | OK | |||
r-release-macos-x86_64 | 0.2.1 | 80.00 | OK | |||
r-release-windows-x86_64 | 0.2.1 | 9.00 | 80.00 | 89.00 | OK | |
r-oldrel-macos-arm64 | 0.2.1 | 41.00 | OK | |||
r-oldrel-macos-x86_64 | 0.2.1 | 65.00 | OK | |||
r-oldrel-windows-x86_64 | 0.2.1 | 10.00 | 96.00 | 106.00 | OK |
Version: 0.2.1
Check: CRAN incoming feasibility
Result: NOTE
Maintainer: ‘Austin Hurst <ajhurst@uwaterloo.ca>’
No Authors@R field in DESCRIPTION.
Please add one, modifying
Authors@R: c(person(given = "Simon",
family = "Barthelme",
role = "aut",
email = "simon.barthelme@gipsa-lab.fr"),
person(given = "Austin",
family = "Hurst",
role = "cre",
email = "ajhurst@uwaterloo.ca"))
as necessary.
Flavors: r-devel-linux-x86_64-debian-clang, r-devel-linux-x86_64-debian-gcc