Last updated on 2025-10-30 02:49:01 CET.
| Flavor | Version | Tinstall | Tcheck | Ttotal | Status | Flags | 
|---|---|---|---|---|---|---|
| r-devel-linux-x86_64-debian-clang | 2.1.2 | 24.47 | 24.26 | 48.73 | OK | |
| r-devel-linux-x86_64-debian-gcc | 2.1.2 | 25.13 | 19.67 | 44.80 | OK | |
| r-devel-linux-x86_64-fedora-clang | 2.1.2 | 39.00 | 38.51 | 77.51 | OK | |
| r-devel-linux-x86_64-fedora-gcc | 2.1.2 | 89.00 | 16.99 | 105.99 | OK | |
| r-devel-windows-x86_64 | 2.1.2 | 38.00 | 59.00 | 97.00 | OK | |
| r-patched-linux-x86_64 | 2.1.2 | 32.89 | 22.16 | 55.05 | OK | |
| r-release-linux-x86_64 | 2.1.2 | 32.75 | 22.22 | 54.97 | OK | |
| r-release-macos-arm64 | 2.1.2 | 11.00 | 22.00 | 33.00 | OK | |
| r-release-macos-x86_64 | 2.1.2 | 17.00 | 28.00 | 45.00 | OK | |
| r-release-windows-x86_64 | 2.1.2 | 44.00 | 61.00 | 105.00 | OK | |
| r-oldrel-macos-arm64 | 2.1.2 | 10.00 | 21.00 | 31.00 | OK | |
| r-oldrel-macos-x86_64 | 2.1.2 | 14.00 | 24.00 | 38.00 | NOTE | |
| r-oldrel-windows-x86_64 | 2.1.2 | 39.00 | 67.00 | 106.00 | OK | 
Version: 2.1.2
Check: installed package size
Result: NOTE
    installed size is  5.4Mb
    sub-directories of 1Mb or more:
      help   1.6Mb
      libs   3.8Mb
Flavor: r-oldrel-macos-x86_64