Last updated on 2025-05-06 03:51:02 CEST.
Flavor | Version | Tinstall | Tcheck | Ttotal | Status | Flags |
---|---|---|---|---|---|---|
r-devel-linux-x86_64-debian-clang | 1.4 | 4.08 | 21.66 | 25.74 | NOTE | |
r-devel-linux-x86_64-debian-gcc | 1.4 | 2.82 | 18.08 | 20.90 | NOTE | |
r-devel-linux-x86_64-fedora-clang | 1.4 | 41.49 | OK | |||
r-devel-linux-x86_64-fedora-gcc | 1.4 | 54.59 | OK | |||
r-devel-windows-x86_64 | 1.4 | 6.00 | 48.00 | 54.00 | OK | |
r-patched-linux-x86_64 | 1.4 | 3.51 | 21.20 | 24.71 | OK | |
r-release-linux-x86_64 | 1.4 | 3.70 | 20.89 | 24.59 | OK | |
r-release-macos-arm64 | 1.4 | 27.00 | OK | |||
r-release-macos-x86_64 | 1.4 | 49.00 | OK | |||
r-release-windows-x86_64 | 1.4 | 8.00 | 44.00 | 52.00 | OK | |
r-oldrel-macos-arm64 | 1.4 | 24.00 | OK | |||
r-oldrel-macos-x86_64 | 1.4 | 37.00 | OK | |||
r-oldrel-windows-x86_64 | 1.4 | 8.00 | 49.00 | 57.00 | OK |
Version: 1.4
Check: CRAN incoming feasibility
Result: NOTE
Maintainer: ‘Yijian Huang <yhuang5@emory.edu>’
No Authors@R field in DESCRIPTION.
Please add one, modifying
Authors@R: person(given = "Yijian",
family = "Huang",
role = c("aut", "cre"),
email = "yhuang5@emory.edu")
as necessary.
Flavors: r-devel-linux-x86_64-debian-clang, r-devel-linux-x86_64-debian-gcc