Last updated on 2025-05-06 03:51:02 CEST.
Flavor | Version | Tinstall | Tcheck | Ttotal | Status | Flags |
---|---|---|---|---|---|---|
r-devel-linux-x86_64-debian-clang | 1.1.3 | 9.34 | 55.06 | 64.40 | NOTE | |
r-devel-linux-x86_64-debian-gcc | 1.1.3 | 7.20 | 42.04 | 49.24 | NOTE | |
r-devel-linux-x86_64-fedora-clang | 1.1.3 | 97.63 | OK | |||
r-devel-linux-x86_64-fedora-gcc | 1.1.3 | 93.15 | OK | |||
r-devel-windows-x86_64 | 1.1.3 | 16.00 | 78.00 | 94.00 | OK | |
r-patched-linux-x86_64 | 1.1.3 | 9.12 | 53.62 | 62.74 | OK | |
r-release-linux-x86_64 | 1.1.3 | 9.10 | 52.82 | 61.92 | OK | |
r-release-macos-arm64 | 1.1.4 | 34.00 | OK | |||
r-release-macos-x86_64 | 1.1.4 | 60.00 | OK | |||
r-release-windows-x86_64 | 1.1.3 | 15.00 | 76.00 | 91.00 | OK | |
r-oldrel-macos-arm64 | 1.1.4 | 40.00 | OK | |||
r-oldrel-macos-x86_64 | 1.1.3 | 48.00 | OK | |||
r-oldrel-windows-x86_64 | 1.1.3 | 19.00 | 89.00 | 108.00 | OK |
Version: 1.1.3
Check: CRAN incoming feasibility
Result: NOTE
Maintainer: ‘Yi Yang <yi.yang6@mcgill.ca>’
No Authors@R field in DESCRIPTION.
Please add one, modifying
Authors@R: c(person(given = "Yi",
family = "Yang",
role = c("aut", "cre"),
email = "yi.yang6@mcgill.ca"),
person(given = "Hui",
family = "Zou",
role = "aut",
email = "hzou@stat.umn.edu"))
as necessary.
The Description field contains
Y. and Zou, H. (2013) DOI: <doi:10.4310/SII.2013.v6.n2.a1>.
Please write DOIs as <doi:prefix/suffix>.
Flavors: r-devel-linux-x86_64-debian-clang, r-devel-linux-x86_64-debian-gcc