Last updated on 2025-05-07 03:51:00 CEST.
Flavor | Version | Tinstall | Tcheck | Ttotal | Status | Flags |
---|---|---|---|---|---|---|
r-devel-linux-x86_64-debian-clang | 0.1.1 | 61.97 | 91.33 | 153.30 | OK | |
r-devel-linux-x86_64-debian-gcc | 0.1.1 | 49.26 | 72.06 | 121.32 | OK | |
r-devel-linux-x86_64-fedora-clang | 0.1.1 | 232.64 | OK | |||
r-devel-linux-x86_64-fedora-gcc | 0.1.1 | 264.76 | OK | |||
r-devel-windows-x86_64 | 0.1.1 | 62.00 | 116.00 | 178.00 | OK | |
r-patched-linux-x86_64 | 0.1.1 | 57.38 | 93.53 | 150.91 | OK | |
r-release-linux-x86_64 | 0.1.1 | 59.12 | 93.09 | 152.21 | OK | |
r-release-macos-arm64 | 0.1.1 | 65.00 | OK | |||
r-release-macos-x86_64 | 0.1.1 | 111.00 | OK | |||
r-release-windows-x86_64 | 0.1.1 | 61.00 | 115.00 | 176.00 | OK | |
r-oldrel-macos-arm64 | 0.1.1 | 63.00 | NOTE | |||
r-oldrel-macos-x86_64 | 0.1.1 | 88.00 | NOTE | |||
r-oldrel-windows-x86_64 | 0.1.1 | 76.00 | 142.00 | 218.00 | OK |
Version: 0.1.1
Check: installed package size
Result: NOTE
installed size is 17.0Mb
sub-directories of 1Mb or more:
libs 16.9Mb
Flavors: r-oldrel-macos-arm64, r-oldrel-macos-x86_64