Last updated on 2025-07-04 03:50:25 CEST.
Flavor | Version | Tinstall | Tcheck | Ttotal | Status | Flags |
---|---|---|---|---|---|---|
r-devel-linux-x86_64-debian-clang | 2.4 | 4.77 | 53.96 | 58.73 | NOTE | |
r-devel-linux-x86_64-debian-gcc | 2.4 | 3.72 | 37.77 | 41.49 | NOTE | |
r-devel-linux-x86_64-fedora-clang | 2.4 | 88.31 | OK | |||
r-devel-linux-x86_64-fedora-gcc | 2.4 | 99.23 | OK | |||
r-devel-windows-x86_64 | 2.4 | 7.00 | 70.00 | 77.00 | OK | |
r-patched-linux-x86_64 | 2.4 | 4.48 | 47.51 | 51.99 | OK | |
r-release-linux-x86_64 | 2.4 | 4.88 | 48.11 | 52.99 | OK | |
r-release-macos-arm64 | 2.4 | 54.00 | OK | |||
r-release-macos-x86_64 | 2.4 | 92.00 | OK | |||
r-release-windows-x86_64 | 2.4 | 7.00 | 65.00 | 72.00 | OK | |
r-oldrel-macos-arm64 | 2.4 | 33.00 | OK | |||
r-oldrel-macos-x86_64 | 2.4 | 66.00 | OK | |||
r-oldrel-windows-x86_64 | 2.4 | 9.00 | 83.00 | 92.00 | OK |
Version: 2.4
Check: CRAN incoming feasibility
Result: NOTE
Maintainer: ‘Joshua Millstein <joshua.millstein@usc.edu>’
Package CITATION file contains call(s) to old-style personList() or
as.personList(). Please use c() on person objects instead.
Package CITATION file contains call(s) to old-style citEntry(). Please
use bibentry() instead.
Flavors: r-devel-linux-x86_64-debian-clang, r-devel-linux-x86_64-debian-gcc