Last updated on 2025-05-06 03:51:02 CEST.
Flavor | Version | Tinstall | Tcheck | Ttotal | Status | Flags |
---|---|---|---|---|---|---|
r-devel-linux-x86_64-debian-clang | 1.0 | 63.23 | 62.85 | 126.08 | OK | |
r-devel-linux-x86_64-debian-gcc | 1.0 | 49.07 | 41.96 | 91.03 | OK | |
r-devel-linux-x86_64-fedora-clang | 1.0 | 222.35 | OK | |||
r-devel-linux-x86_64-fedora-gcc | 1.0 | 240.46 | OK | |||
r-devel-windows-x86_64 | 1.0 | 72.00 | 93.00 | 165.00 | OK | |
r-patched-linux-x86_64 | 1.0 | 63.98 | 57.55 | 121.53 | OK | |
r-release-linux-x86_64 | 1.0 | 62.31 | 56.92 | 119.23 | OK | |
r-release-macos-arm64 | 1.0 | 59.00 | OK | |||
r-release-macos-x86_64 | 1.0 | 104.00 | OK | |||
r-release-windows-x86_64 | 1.0 | 72.00 | 94.00 | 166.00 | OK | |
r-oldrel-macos-arm64 | 1.0 | 59.00 | NOTE | |||
r-oldrel-macos-x86_64 | 1.0 | 155.00 | NOTE | |||
r-oldrel-windows-x86_64 | 1.0 | 83.00 | 118.00 | 201.00 | OK |
Version: 1.0
Check: installed package size
Result: NOTE
installed size is 7.8Mb
sub-directories of 1Mb or more:
libs 7.5Mb
Flavors: r-oldrel-macos-arm64, r-oldrel-macos-x86_64