Last updated on 2025-05-07 03:51:00 CEST.
Flavor | Version | Tinstall | Tcheck | Ttotal | Status | Flags |
---|---|---|---|---|---|---|
r-devel-linux-x86_64-debian-clang | 1.5.5 | 17.05 | 18.26 | 35.31 | NOTE | |
r-devel-linux-x86_64-debian-gcc | 1.5.5 | 13.44 | 14.93 | 28.37 | NOTE | |
r-devel-linux-x86_64-fedora-clang | 1.5.5 | 79.51 | OK | |||
r-devel-linux-x86_64-fedora-gcc | 1.5.5 | 67.29 | OK | |||
r-devel-windows-x86_64 | 1.5.5 | 25.00 | 54.00 | 79.00 | OK | |
r-patched-linux-x86_64 | 1.5.5 | 17.78 | 17.63 | 35.41 | OK | |
r-release-linux-x86_64 | 1.5.5 | 18.47 | 17.70 | 36.17 | OK | |
r-release-macos-arm64 | 1.5.5 | 27.00 | OK | |||
r-release-macos-x86_64 | 1.5.5 | 33.00 | OK | |||
r-release-windows-x86_64 | 1.5.5 | 24.00 | 55.00 | 79.00 | OK | |
r-oldrel-macos-arm64 | 1.5.5 | 23.00 | OK | |||
r-oldrel-macos-x86_64 | 1.5.5 | 30.00 | OK | |||
r-oldrel-windows-x86_64 | 1.5.5 | 22.00 | 64.00 | 86.00 | OK |
Version: 1.5.5
Check: CRAN incoming feasibility
Result: NOTE
Maintainer: ‘Holger Hoefling <hhoeflin@gmail.com>’
No Authors@R field in DESCRIPTION.
Please add one, modifying
Authors@R: person(given = "Holger",
family = "Hoefling",
role = c("aut", "cre"),
email = "hhoeflin@gmail.com")
as necessary.
The Description field contains
<arXiv:0910.0526>.
Please refer to arXiv e-prints via their arXiv DOI <doi:10.48550/arXiv.YYMM.NNNNN>.
Flavors: r-devel-linux-x86_64-debian-clang, r-devel-linux-x86_64-debian-gcc