Last updated on 2025-05-07 03:51:00 CEST.
Flavor | Version | Tinstall | Tcheck | Ttotal | Status | Flags |
---|---|---|---|---|---|---|
r-devel-linux-x86_64-debian-clang | 1.0.0 | 3.15 | 22.77 | 25.92 | NOTE | |
r-devel-linux-x86_64-debian-gcc | 1.0.0 | 2.51 | 17.97 | 20.48 | NOTE | |
r-devel-linux-x86_64-fedora-clang | 1.0.0 | 40.80 | OK | |||
r-devel-linux-x86_64-fedora-gcc | 1.0.0 | 39.87 | OK | |||
r-devel-windows-x86_64 | 1.0.0 | 4.00 | 44.00 | 48.00 | OK | |
r-patched-linux-x86_64 | 1.0.0 | 3.46 | 22.28 | 25.74 | OK | |
r-release-linux-x86_64 | 1.0.0 | 3.16 | 22.27 | 25.43 | OK | |
r-release-macos-arm64 | 1.0.0 | 20.00 | OK | |||
r-release-macos-x86_64 | 1.0.0 | 29.00 | OK | |||
r-release-windows-x86_64 | 1.0.0 | 5.00 | 45.00 | 50.00 | OK | |
r-oldrel-macos-arm64 | 1.0.0 | 18.00 | OK | |||
r-oldrel-macos-x86_64 | 1.0.0 | 34.00 | OK | |||
r-oldrel-windows-x86_64 | 1.0.0 | 4.00 | 46.00 | 50.00 | OK |
Version: 1.0.0
Check: CRAN incoming feasibility
Result: NOTE
Maintainer: ‘Jean-Baptiste Ferdy <jean-baptiste.ferdy@univ-tlse3.fr>’
No Authors@R field in DESCRIPTION.
Please add one, modifying
Authors@R: person(given = "Jean-Baptiste",
family = "Ferdy",
role = c("aut", "cre"),
email = "jean-baptiste.ferdy@univ-tlse3.fr")
as necessary.
Flavors: r-devel-linux-x86_64-debian-clang, r-devel-linux-x86_64-debian-gcc