Last updated on 2025-05-04 03:50:53 CEST.
Flavor | Version | Tinstall | Tcheck | Ttotal | Status | Flags |
---|---|---|---|---|---|---|
r-devel-linux-x86_64-debian-clang | 0.3-0.1 | 5.56 | 45.43 | 50.99 | NOTE | |
r-devel-linux-x86_64-debian-gcc | 0.3-0.1 | 3.76 | 32.43 | 36.19 | NOTE | |
r-devel-linux-x86_64-fedora-clang | 0.3-0.1 | 78.38 | NOTE | |||
r-devel-linux-x86_64-fedora-gcc | 0.3-0.1 | 75.57 | NOTE | |||
r-devel-windows-x86_64 | 0.3-0.1 | 7.00 | 160.00 | 167.00 | OK | |
r-patched-linux-x86_64 | 0.3-0.1 | 6.51 | 43.43 | 49.94 | NOTE | |
r-release-linux-x86_64 | NOTE | |||||
r-release-macos-arm64 | 0.3-0.1 | 24.00 | OK | |||
r-release-macos-x86_64 | 0.3-0.1 | 45.00 | OK | |||
r-release-windows-x86_64 | 0.3-0.1 | 6.00 | 76.00 | 82.00 | OK | |
r-oldrel-macos-arm64 | 0.3-0.1 | 24.00 | OK | |||
r-oldrel-macos-x86_64 | 0.3-0.1 | 37.00 | OK | |||
r-oldrel-windows-x86_64 | 0.3-0.1 | 8.00 | 78.00 | 86.00 | OK |
Version: 0.3-0.1
Check: CRAN incoming feasibility
Result: NOTE
Maintainer: ‘Gerald Jurasinski <gerald.jurasinski@uni-rostock.de>’
No Authors@R field in DESCRIPTION.
Please add one, modifying
Authors@R: c(person(given = "Gerald",
family = "Jurasinski",
role = c("aut", "cre"),
email = "gerald.jurasinski@uni-rostock.de"),
person(given = "Franziska",
family = "Koebsch",
role = "aut"),
person(given = "Anke",
family = "Guenther",
role = "aut"),
person(given = "Sascha",
family = "Beetz",
role = "aut"))
as necessary.
Flavors: r-devel-linux-x86_64-debian-clang, r-devel-linux-x86_64-debian-gcc
Version: 0.3-0.1
Check: for non-standard things in the check directory
Result: NOTE
Found the following files/directories:
‘flux.CH4.txt’
Flavors: r-devel-linux-x86_64-debian-clang, r-devel-linux-x86_64-debian-gcc, r-devel-linux-x86_64-fedora-clang, r-devel-linux-x86_64-fedora-gcc, r-patched-linux-x86_64, r-release-linux-x86_64