CRAN Package Check Results for Package fpcb

Last updated on 2025-05-04 03:50:53 CEST.

Flavor Version Tinstall Tcheck Ttotal Status Flags
r-devel-linux-x86_64-debian-clang 0.1.0 1.70 19.39 21.09 NOTE
r-devel-linux-x86_64-debian-gcc 0.1.0 1.49 15.71 17.20 NOTE
r-devel-linux-x86_64-fedora-clang 0.1.0 30.75 OK
r-devel-linux-x86_64-fedora-gcc 0.1.0 29.26 OK
r-devel-windows-x86_64 0.1.0 4.00 47.00 51.00 OK
r-patched-linux-x86_64 0.1.0 2.03 17.25 19.28 OK
r-release-linux-x86_64 OK
r-release-macos-arm64 0.1.0 15.00 OK
r-release-macos-x86_64 0.1.0 23.00 OK
r-release-windows-x86_64 0.1.0 3.00 41.00 44.00 OK
r-oldrel-macos-arm64 0.1.0 14.00 OK
r-oldrel-macos-x86_64 0.1.0 20.00 OK
r-oldrel-windows-x86_64 0.1.0 2.00 42.00 44.00 OK

Check Details

Version: 0.1.0
Check: CRAN incoming feasibility
Result: NOTE Maintainer: ‘Nicolás Hernández <nicolashernandezb@gmail.com>’ No Authors@R field in DESCRIPTION. Please add one, modifying Authors@R: c(person(given = "Nicolás", family = "Hernández", role = c("aut", "cre"), email = "nicolashernandezb@gmail.com"), person(given = "Jairo", family = "Cugliari", role = c("aut", "cre")), person(given = "Julien", family = "Jacques", role = "aut")) as necessary. Flavors: r-devel-linux-x86_64-debian-clang, r-devel-linux-x86_64-debian-gcc