Last updated on 2025-05-06 03:51:03 CEST.
Flavor | Version | Tinstall | Tcheck | Ttotal | Status | Flags |
---|---|---|---|---|---|---|
r-devel-linux-x86_64-debian-clang | 0.1.0 | 2.09 | 47.63 | 49.72 | OK | |
r-devel-linux-x86_64-debian-gcc | 0.1.0 | 1.65 | 33.71 | 35.36 | OK | |
r-devel-linux-x86_64-fedora-clang | 0.1.0 | 73.19 | OK | |||
r-devel-linux-x86_64-fedora-gcc | 0.1.0 | 89.48 | OK | |||
r-devel-windows-x86_64 | 0.1.0 | 4.00 | 74.00 | 78.00 | OK | |
r-patched-linux-x86_64 | 0.1.0 | 2.02 | 44.35 | 46.37 | OK | |
r-release-linux-x86_64 | 0.1.0 | 1.97 | 43.42 | 45.39 | OK | |
r-release-macos-arm64 | 0.1.0 | 46.00 | OK | |||
r-release-macos-x86_64 | 0.1.0 | 85.00 | OK | |||
r-release-windows-x86_64 | 0.1.0 | 4.00 | 73.00 | 77.00 | OK | |
r-oldrel-macos-arm64 | 0.1.0 | 32.00 | NOTE | |||
r-oldrel-macos-x86_64 | 0.1.0 | 53.00 | NOTE | |||
r-oldrel-windows-x86_64 | 0.1.0 | 4.00 | 84.00 | 88.00 | NOTE |
Version: 0.1.0
Check: LazyData
Result: NOTE
'LazyData' is specified without a 'data' directory
Flavors: r-oldrel-macos-arm64, r-oldrel-macos-x86_64, r-oldrel-windows-x86_64