Last updated on 2025-10-31 02:50:31 CET.
| Flavor | Version | Tinstall | Tcheck | Ttotal | Status | Flags | 
|---|---|---|---|---|---|---|
| r-devel-linux-x86_64-debian-clang | 0.1.3 | 9.35 | 45.28 | 54.63 | NOTE | |
| r-devel-linux-x86_64-debian-gcc | 0.1.3 | 7.24 | 36.54 | 43.78 | NOTE | |
| r-devel-linux-x86_64-fedora-clang | 0.1.3 | 41.00 | 53.68 | 94.68 | NOTE | |
| r-devel-linux-x86_64-fedora-gcc | 0.1.3 | 19.00 | 79.17 | 98.17 | NOTE | |
| r-devel-windows-x86_64 | 0.1.3 | 14.00 | 71.00 | 85.00 | OK | |
| r-patched-linux-x86_64 | 0.1.3 | 9.45 | 44.56 | 54.01 | OK | |
| r-release-linux-x86_64 | 0.1.3 | 10.16 | 43.29 | 53.45 | OK | |
| r-release-macos-arm64 | 0.1.3 | 5.00 | 26.00 | 31.00 | OK | |
| r-release-macos-x86_64 | 0.1.3 | 7.00 | 50.00 | 57.00 | OK | |
| r-release-windows-x86_64 | 0.1.3 | 14.00 | 72.00 | 86.00 | OK | |
| r-oldrel-macos-arm64 | 0.1.3 | 5.00 | 31.00 | 36.00 | NOTE | |
| r-oldrel-macos-x86_64 | 0.1.3 | 7.00 | 40.00 | 47.00 | NOTE | |
| r-oldrel-windows-x86_64 | 0.1.3 | 16.00 | 86.00 | 102.00 | NOTE | 
Version: 0.1.3
Check: CRAN incoming feasibility
Result: NOTE
  Maintainer: ‘Bill Venables <bill.venables@gmail.com>’
  
  No Authors@R field in DESCRIPTION.
  Please add one, modifying
    Authors@R: person(given = "Bill",
                      family = "Venables",
                      role = c("aut", "cre"),
                      email = "bill.venables@gmail.com")
  as necessary.
Flavors: r-devel-linux-x86_64-debian-clang, r-devel-linux-x86_64-debian-gcc
Version: 0.1.3
Check: compiled code
Result: NOTE
  File ‘fractional/libs/fractional.so’:
    Found no calls to: ‘R_registerRoutines’, ‘R_useDynamicSymbols’
  
  It is good practice to register native routines and to disable symbol
  search.
  
  See ‘Writing portable packages’ in the ‘Writing R Extensions’ manual.
Flavors: r-devel-linux-x86_64-fedora-clang, r-devel-linux-x86_64-fedora-gcc
Version: 0.1.3
Check: LazyData
Result: NOTE
    'LazyData' is specified without a 'data' directory
Flavors: r-oldrel-macos-arm64, r-oldrel-macos-x86_64, r-oldrel-windows-x86_64