CRAN Package Check Results for Package frenchCurve

Last updated on 2025-05-07 03:51:00 CEST.

Flavor Version Tinstall Tcheck Ttotal Status Flags
r-devel-linux-x86_64-debian-clang 0.2.0 2.73 35.21 37.94 NOTE
r-devel-linux-x86_64-debian-gcc 0.2.0 2.21 27.70 29.91 NOTE
r-devel-linux-x86_64-fedora-clang 0.2.0 58.44 OK
r-devel-linux-x86_64-fedora-gcc 0.2.0 70.30 OK
r-devel-windows-x86_64 0.2.0 3.00 53.00 56.00 OK
r-patched-linux-x86_64 0.2.0 2.80 34.18 36.98 OK
r-release-linux-x86_64 0.2.0 2.14 34.04 36.18 OK
r-release-macos-arm64 0.2.0 28.00 OK
r-release-macos-x86_64 0.2.0 46.00 OK
r-release-windows-x86_64 0.2.0 4.00 53.00 57.00 OK
r-oldrel-macos-arm64 0.2.0 27.00 OK
r-oldrel-macos-x86_64 0.2.0 37.00 OK
r-oldrel-windows-x86_64 0.2.0 4.00 60.00 64.00 OK

Check Details

Version: 0.2.0
Check: CRAN incoming feasibility
Result: NOTE Maintainer: ‘Bill Venables <Bill.Venables@gmail.com>’ No Authors@R field in DESCRIPTION. Please add one, modifying Authors@R: person(given = "Bill", family = "Venables", role = c("aut", "cre"), email = "bill.venables@gmail.com") as necessary. Flavors: r-devel-linux-x86_64-debian-clang, r-devel-linux-x86_64-debian-gcc