CRAN Package Check Results for Package freqdom

Last updated on 2025-07-03 03:49:41 CEST.

Flavor Version Tinstall Tcheck Ttotal Status Flags
r-devel-linux-x86_64-debian-clang 2.0.5 3.06 32.53 35.59 NOTE
r-devel-linux-x86_64-debian-gcc 2.0.5 2.14 24.34 26.48 NOTE
r-devel-linux-x86_64-fedora-clang 2.0.5 53.65 OK
r-devel-linux-x86_64-fedora-gcc 2.0.5 53.43 OK
r-devel-windows-x86_64 2.0.5 5.00 54.00 59.00 OK
r-patched-linux-x86_64 2.0.5 3.60 30.32 33.92 OK
r-release-linux-x86_64 2.0.5 2.61 29.89 32.50 OK
r-release-macos-arm64 2.0.5 20.00 OK
r-release-macos-x86_64 2.0.5 34.00 OK
r-release-windows-x86_64 2.0.5 4.00 55.00 59.00 OK
r-oldrel-macos-arm64 2.0.5 23.00 OK
r-oldrel-macos-x86_64 2.0.5 26.00 OK
r-oldrel-windows-x86_64 2.0.5 5.00 64.00 69.00 OK

Check Details

Version: 2.0.5
Check: CRAN incoming feasibility
Result: NOTE Maintainer: ‘Kidzinski L. <lukasz.kidzinski@stanford.edu>’ No Authors@R field in DESCRIPTION. Please add one, modifying Authors@R: c(person(given = "Hormann", family = "S.", role = "aut"), person(given = "Kidzinski", family = "L.", role = c("aut", "cre"), email = "lukasz.kidzinski@stanford.edu")) as necessary. Flavors: r-devel-linux-x86_64-debian-clang, r-devel-linux-x86_64-debian-gcc