Last updated on 2025-10-30 02:49:02 CET.
| Flavor | Version | Tinstall | Tcheck | Ttotal | Status | Flags | 
|---|---|---|---|---|---|---|
| r-devel-linux-x86_64-debian-clang | 1.1-8 | 10.43 | 119.80 | 130.23 | NOTE | |
| r-devel-linux-x86_64-debian-gcc | 1.1-8 | 6.67 | 84.24 | 90.91 | NOTE | |
| r-devel-linux-x86_64-fedora-clang | 1.1-8 | 25.00 | 183.37 | 208.37 | OK | |
| r-devel-linux-x86_64-fedora-gcc | 1.1-8 | 28.00 | 196.91 | 224.91 | OK | |
| r-devel-windows-x86_64 | 1.1-8 | 13.00 | 152.00 | 165.00 | OK | |
| r-patched-linux-x86_64 | 1.1-8 | 9.42 | 113.35 | 122.77 | OK | |
| r-release-linux-x86_64 | 1.1-8 | 8.99 | 114.84 | 123.83 | OK | |
| r-release-macos-arm64 | 1.1-8 | 7.00 | 61.00 | 68.00 | OK | |
| r-release-macos-x86_64 | 1.1-8 | 10.00 | 114.00 | 124.00 | OK | |
| r-release-windows-x86_64 | 1.1-8 | 14.00 | 152.00 | 166.00 | OK | |
| r-oldrel-macos-arm64 | 1.1-8 | 5.00 | 56.00 | 61.00 | OK | |
| r-oldrel-macos-x86_64 | 1.1-8 | 8.00 | 80.00 | 88.00 | OK | |
| r-oldrel-windows-x86_64 | 1.1-8 | 17.00 | 179.00 | 196.00 | OK | 
Version: 1.1-8
Check: CRAN incoming feasibility
Result: NOTE
  Maintainer: ‘Arne Henningsen <arne.henningsen@gmail.com>’
  
  No Authors@R field in DESCRIPTION.
  Please add one, modifying
    Authors@R: c(person(given = "Tim",
                        family = "Coelli",
                        role = "aut"),
                 person(given = "Arne",
                        family = "Henningsen",
                        role = c("aut", "cre"),
                        email = "arne.henningsen@gmail.com"))
  as necessary.
  
  Package CITATION file contains call(s) to old-style personList() or
  as.personList().  Please use c() on person objects instead.
  Package CITATION file contains call(s) to old-style citEntry().  Please
  use bibentry() instead.
Flavors: r-devel-linux-x86_64-debian-clang, r-devel-linux-x86_64-debian-gcc