CRAN Package Check Results for Package ftDK

Last updated on 2025-07-05 03:48:37 CEST.

Flavor Version Tinstall Tcheck Ttotal Status Flags
r-devel-linux-x86_64-debian-clang 1.0 1.34 18.96 20.30 NOTE
r-devel-linux-x86_64-debian-gcc 1.0 1.31 16.11 17.42 NOTE
r-devel-linux-x86_64-fedora-clang 1.0 30.51 OK
r-devel-linux-x86_64-fedora-gcc 1.0 30.06 OK
r-devel-windows-x86_64 1.0 3.00 40.00 43.00 OK
r-patched-linux-x86_64 1.0 1.53 16.98 18.51 OK
r-release-linux-x86_64 1.0 1.53 16.77 18.30 OK
r-release-macos-arm64 1.0 20.00 OK
r-release-macos-x86_64 1.0 22.00 OK
r-release-windows-x86_64 1.0 4.00 39.00 43.00 OK
r-oldrel-macos-arm64 1.0 14.00 OK
r-oldrel-macos-x86_64 1.0 20.00 OK
r-oldrel-windows-x86_64 1.0 4.00 41.00 45.00 OK

Check Details

Version: 1.0
Check: CRAN incoming feasibility
Result: NOTE Maintainer: ‘Mikkel Freltoft Krogsholm <mikkel@56n.dk>’ No Authors@R field in DESCRIPTION. Please add one, modifying Authors@R: person(given = c("Mikkel", "Freltoft"), family = "Krogsholm", role = c("aut", "cre"), email = "mikkel@56n.dk") as necessary. Flavors: r-devel-linux-x86_64-debian-clang, r-devel-linux-x86_64-debian-gcc