Last updated on 2025-05-06 03:51:03 CEST.
Flavor | Version | Tinstall | Tcheck | Ttotal | Status | Flags |
---|---|---|---|---|---|---|
r-devel-linux-x86_64-debian-clang | 0.1.0 | 1.95 | 34.77 | 36.72 | NOTE | |
r-devel-linux-x86_64-debian-gcc | 0.1.0 | 1.51 | 28.25 | 29.76 | NOTE | |
r-devel-linux-x86_64-fedora-clang | 0.1.0 | 59.90 | NOTE | |||
r-devel-linux-x86_64-fedora-gcc | 0.1.0 | 68.51 | NOTE | |||
r-devel-windows-x86_64 | 0.1.0 | 3.00 | 56.00 | 59.00 | NOTE | |
r-patched-linux-x86_64 | 0.1.0 | 2.16 | 32.58 | 34.74 | NOTE | |
r-release-linux-x86_64 | 0.1.0 | 2.01 | 33.23 | 35.24 | NOTE | |
r-release-macos-arm64 | 0.1.0 | 32.00 | NOTE | |||
r-release-macos-x86_64 | 0.1.0 | 57.00 | NOTE | |||
r-release-windows-x86_64 | 0.1.0 | 3.00 | 54.00 | 57.00 | NOTE | |
r-oldrel-macos-arm64 | 0.1.0 | 46.00 | OK | |||
r-oldrel-macos-x86_64 | 0.1.0 | 98.00 | OK | |||
r-oldrel-windows-x86_64 | 0.1.0 | 4.00 | 62.00 | 66.00 | OK |
Version: 0.1.0
Check: DESCRIPTION meta-information
Result: NOTE
Author field differs from that derived from Authors@R
Author: ‘Paula Weidemueller [aut, cre, cph] (<https://orcid.org/0000-0003-3867-3131>, @PaulaH_W), Constantin Ahlmann-Eltze [aut] (<https://orcid.org/0000-0002-3762-068X>, @const_ae)’
Authors@R: ‘Paula Weidemueller [aut, cre, cph] (ORCID: <https://orcid.org/0000-0003-3867-3131>, Twitter: @PaulaH_W), Constantin Ahlmann-Eltze [aut] (ORCID: <https://orcid.org/0000-0002-3762-068X>, Twitter: @const_ae)’
Missing dependency on R >= 4.1.0 because package code uses the pipe
|> or function shorthand \(...) syntax added in R 4.1.0.
File(s) using such syntax:
‘find_connected_components.R’
Flavors: r-devel-linux-x86_64-debian-clang, r-devel-linux-x86_64-debian-gcc
Version: 0.1.0
Check: DESCRIPTION meta-information
Result: NOTE
Missing dependency on R >= 4.1.0 because package code uses the pipe
|> or function shorthand \(...) syntax added in R 4.1.0.
File(s) using such syntax:
‘find_connected_components.R’
Flavors: r-devel-linux-x86_64-fedora-clang, r-devel-linux-x86_64-fedora-gcc, r-devel-windows-x86_64, r-patched-linux-x86_64, r-release-linux-x86_64, r-release-macos-arm64, r-release-macos-x86_64, r-release-windows-x86_64