Last updated on 2025-10-31 02:50:31 CET.
| Flavor | Version | Tinstall | Tcheck | Ttotal | Status | Flags | 
|---|---|---|---|---|---|---|
| r-devel-linux-x86_64-debian-clang | 2.3 | 10.71 | 102.22 | 112.93 | NOTE | |
| r-devel-linux-x86_64-debian-gcc | 2.3 | 7.17 | 72.35 | 79.52 | NOTE | |
| r-devel-linux-x86_64-fedora-clang | 2.3 | 25.00 | 150.46 | 175.46 | NOTE | |
| r-devel-linux-x86_64-fedora-gcc | 2.3 | 27.00 | 138.90 | 165.90 | NOTE | |
| r-devel-windows-x86_64 | 2.3 | 13.00 | 106.00 | 119.00 | NOTE | |
| r-patched-linux-x86_64 | 2.3 | 11.24 | 96.59 | 107.83 | NOTE | |
| r-release-linux-x86_64 | 2.3 | 11.86 | 96.59 | 108.45 | NOTE | |
| r-release-macos-arm64 | 2.3 | 6.00 | 42.00 | 48.00 | NOTE | |
| r-release-macos-x86_64 | 2.3 | 10.00 | 108.00 | 118.00 | NOTE | |
| r-release-windows-x86_64 | 2.3 | 13.00 | 109.00 | 122.00 | NOTE | |
| r-oldrel-macos-arm64 | 2.3 | 5.00 | 41.00 | 46.00 | NOTE | |
| r-oldrel-macos-x86_64 | 2.3 | 13.00 | 58.00 | 71.00 | NOTE | |
| r-oldrel-windows-x86_64 | 2.3 | 18.00 | 137.00 | 155.00 | NOTE | 
Version: 2.3
Check: CRAN incoming feasibility
Result: NOTE
  Maintainer: ‘Charles Bouveyron <charles.bouveyron@gmail.com>’
  
  No Authors@R field in DESCRIPTION.
  Please add one, modifying
    Authors@R: c(person(given = "Charles",
                        family = "Bouveyron",
                        role = c("aut", "cre"),
                        email = "charles.bouveyron@gmail.com"),
                 person(given = "Julien",
                        family = "Jacques",
                        role = "aut"),
                 person(given = "Amandine",
                        family = "Schmutz",
                        role = "aut"))
  as necessary.
Flavors: r-devel-linux-x86_64-debian-clang, r-devel-linux-x86_64-debian-gcc
Version: 2.3
Check: Rd files
Result: NOTE
  checkRd: (-1) plot.fd.Rd:69-71: Lost braces in \itemize; meant \describe ?
  checkRd: (-1) plot.fd.Rd:72-77: Lost braces in \itemize; meant \describe ?
Flavors: r-devel-linux-x86_64-debian-clang, r-devel-linux-x86_64-debian-gcc, r-devel-linux-x86_64-fedora-clang, r-devel-linux-x86_64-fedora-gcc, r-devel-windows-x86_64, r-patched-linux-x86_64, r-release-linux-x86_64, r-release-macos-arm64, r-release-macos-x86_64, r-release-windows-x86_64, r-oldrel-macos-arm64, r-oldrel-macos-x86_64, r-oldrel-windows-x86_64
Version: 2.3
Check: Rd cross-references
Result: NOTE
  Found the following Rd file(s) with Rd \link{} targets missing package
  anchors:
    plot.fd.Rd: lines.fd, plotfit.fd
  Please provide package anchors for all Rd \link{} targets not in the
  package itself and the base packages.
Flavors: r-devel-linux-x86_64-debian-clang, r-devel-linux-x86_64-debian-gcc, r-devel-windows-x86_64, r-patched-linux-x86_64, r-release-linux-x86_64, r-release-windows-x86_64