Last updated on 2025-05-07 03:51:00 CEST.
Flavor | Version | Tinstall | Tcheck | Ttotal | Status | Flags |
---|---|---|---|---|---|---|
r-devel-linux-x86_64-debian-clang | 2.4.4 | 25.81 | 234.78 | 260.59 | NOTE | |
r-devel-linux-x86_64-debian-gcc | 2.4.4 | 15.84 | 151.66 | 167.50 | NOTE | |
r-devel-linux-x86_64-fedora-clang | 2.4.4 | 440.00 | NOTE | |||
r-devel-linux-x86_64-fedora-gcc | 2.4.4 | 433.55 | NOTE | |||
r-devel-windows-x86_64 | 2.4.4 | 28.00 | 261.00 | 289.00 | NOTE | |
r-patched-linux-x86_64 | 2.4.4 | 25.92 | 223.11 | 249.03 | NOTE | |
r-release-linux-x86_64 | 2.4.4 | 26.62 | 220.68 | 247.30 | NOTE | |
r-release-macos-arm64 | 2.4.4 | 104.00 | NOTE | |||
r-release-macos-x86_64 | 2.4.4 | 326.00 | OK | |||
r-release-windows-x86_64 | 2.4.4 | 29.00 | 252.00 | 281.00 | NOTE | |
r-oldrel-macos-arm64 | 2.4.4 | 99.00 | OK | |||
r-oldrel-macos-x86_64 | 2.4.4 | 150.00 | OK | |||
r-oldrel-windows-x86_64 | 2.4.4 | 37.00 | 323.00 | 360.00 | OK |
Version: 2.4.4
Check: DESCRIPTION meta-information
Result: NOTE
Missing dependency on R >= 4.1.0 because package code uses the pipe
|> or function shorthand \(...) syntax added in R 4.1.0.
File(s) using such syntax:
‘Ravgr.Rd’ ‘TaylorRussell.Rd’
Flavors: r-devel-linux-x86_64-debian-clang, r-devel-linux-x86_64-debian-gcc, r-devel-linux-x86_64-fedora-clang, r-devel-linux-x86_64-fedora-gcc, r-devel-windows-x86_64, r-patched-linux-x86_64, r-release-linux-x86_64, r-release-macos-arm64, r-release-windows-x86_64
Version: 2.4.4
Check: Rd cross-references
Result: NOTE
Found the following Rd file(s) with Rd \link{} targets missing package
anchors:
promaxQ.Rd: GPForth
Please provide package anchors for all Rd \link{} targets not in the
package itself and the base packages.
Flavors: r-devel-linux-x86_64-debian-clang, r-devel-linux-x86_64-debian-gcc, r-devel-windows-x86_64, r-patched-linux-x86_64, r-release-linux-x86_64, r-release-windows-x86_64