Last updated on 2025-05-06 03:51:04 CEST.
Flavor | Version | Tinstall | Tcheck | Ttotal | Status | Flags |
---|---|---|---|---|---|---|
r-devel-linux-x86_64-debian-clang | 1.0 | 13.37 | 51.51 | 64.88 | NOTE | |
r-devel-linux-x86_64-debian-gcc | 1.0 | 7.96 | 33.35 | 41.31 | NOTE | |
r-devel-linux-x86_64-fedora-clang | 1.0 | 114.37 | OK | |||
r-devel-linux-x86_64-fedora-gcc | 1.0 | 99.66 | OK | |||
r-devel-windows-x86_64 | 1.0 | 11.00 | 64.00 | 75.00 | OK | |
r-patched-linux-x86_64 | 1.0 | 10.90 | 47.65 | 58.55 | OK | |
r-release-linux-x86_64 | 1.0 | 10.48 | 48.68 | 59.16 | OK | |
r-release-macos-arm64 | 1.0 | 29.00 | OK | |||
r-release-macos-x86_64 | 1.0 | 51.00 | OK | |||
r-release-windows-x86_64 | 1.0 | 11.00 | 61.00 | 72.00 | OK | |
r-oldrel-macos-arm64 | 1.0 | 26.00 | OK | |||
r-oldrel-macos-x86_64 | 1.0 | 41.00 | OK | |||
r-oldrel-windows-x86_64 | 1.0 | 13.00 | 73.00 | 86.00 | OK |
Version: 1.0
Check: CRAN incoming feasibility
Result: NOTE
Maintainer: ‘Hao Chen <hxchen@ucdavis.edu>’
No Authors@R field in DESCRIPTION.
Please add one, modifying
Authors@R: c(person(given = "Hao",
family = "Chen",
role = c("aut", "cre"),
email = "hxchen@ucdavis.edu"),
person(given = c("Nancy", "R."),
family = "Zhang",
role = "aut"),
person(given = "Lynna",
family = "Chu",
role = "aut"),
person(given = "Hoseung",
family = "Song",
role = "aut"))
as necessary.
Flavors: r-devel-linux-x86_64-debian-clang, r-devel-linux-x86_64-debian-gcc