Last updated on 2025-05-06 03:51:03 CEST.
Flavor | Version | Tinstall | Tcheck | Ttotal | Status | Flags |
---|---|---|---|---|---|---|
r-devel-linux-x86_64-debian-clang | 0.1.0 | 3.92 | 59.33 | 63.25 | NOTE | |
r-devel-linux-x86_64-debian-gcc | 0.1.0 | 3.56 | 40.48 | 44.04 | NOTE | |
r-devel-linux-x86_64-fedora-clang | 0.1.0 | 108.37 | OK | |||
r-devel-linux-x86_64-fedora-gcc | 0.1.0 | 111.81 | OK | |||
r-devel-windows-x86_64 | 0.1.0 | 7.00 | 79.00 | 86.00 | OK | |
r-patched-linux-x86_64 | 0.1.0 | 5.02 | 56.72 | 61.74 | OK | |
r-release-linux-x86_64 | 0.1.0 | 4.75 | 56.94 | 61.69 | OK | |
r-release-macos-arm64 | 0.1.0 | 40.00 | OK | |||
r-release-macos-x86_64 | 0.1.0 | 65.00 | OK | |||
r-release-windows-x86_64 | 0.1.0 | 6.00 | 77.00 | 83.00 | OK | |
r-oldrel-macos-arm64 | 0.1.0 | 33.00 | OK | |||
r-oldrel-macos-x86_64 | 0.1.0 | 52.00 | OK | |||
r-oldrel-windows-x86_64 | 0.1.0 | 8.00 | 92.00 | 100.00 | OK |
Version: 0.1.0
Check: CRAN incoming feasibility
Result: NOTE
Maintainer: ‘Hoon Hwangbo <hhwangb1@utk.edu>’
The Description field contains
Hwangbo, Y. Ding, and D. Cabezon (2019) <arXiv:1906.05776>.
Please refer to arXiv e-prints via their arXiv DOI <doi:10.48550/arXiv.YYMM.NNNNN>.
Flavors: r-devel-linux-x86_64-debian-clang, r-devel-linux-x86_64-debian-gcc