Last updated on 2025-07-04 03:50:26 CEST.
Flavor | Version | Tinstall | Tcheck | Ttotal | Status | Flags |
---|---|---|---|---|---|---|
r-devel-linux-x86_64-debian-clang | 0.2.2 | 57.84 | 158.88 | 216.72 | OK | |
r-devel-linux-x86_64-debian-gcc | 0.2.2 | 44.23 | 118.05 | 162.28 | OK | |
r-devel-linux-x86_64-fedora-clang | 0.2.3 | 357.15 | OK | |||
r-devel-linux-x86_64-fedora-gcc | 0.2.3 | 399.56 | OK | |||
r-devel-windows-x86_64 | 0.2.2 | 59.00 | 183.00 | 242.00 | OK | |
r-patched-linux-x86_64 | 0.2.2 | 62.78 | 154.81 | 217.59 | OK | |
r-release-linux-x86_64 | 0.2.2 | 59.01 | 153.65 | 212.66 | OK | |
r-release-macos-arm64 | 0.2.2 | 113.00 | OK | |||
r-release-macos-x86_64 | 0.2.3 | 206.00 | OK | |||
r-release-windows-x86_64 | 0.2.3 | 57.00 | 187.00 | 244.00 | OK | |
r-oldrel-macos-arm64 | 0.2.2 | 111.00 | NOTE | |||
r-oldrel-macos-x86_64 | 0.2.3 | 207.00 | NOTE | |||
r-oldrel-windows-x86_64 | 0.2.3 | 51.00 | 245.00 | 296.00 | OK |
Version: 0.2.2
Check: installed package size
Result: NOTE
installed size is 25.2Mb
sub-directories of 1Mb or more:
doc 2.0Mb
libs 21.6Mb
Flavor: r-oldrel-macos-arm64
Version: 0.2.3
Check: installed package size
Result: NOTE
installed size is 25.7Mb
sub-directories of 1Mb or more:
doc 2.0Mb
libs 22.1Mb
Flavor: r-oldrel-macos-x86_64