Last updated on 2025-07-24 03:49:59 CEST.
Flavor | Version | Tinstall | Tcheck | Ttotal | Status | Flags |
---|---|---|---|---|---|---|
r-devel-linux-x86_64-debian-clang | 0.2.5 | 5.68 | 39.11 | 44.79 | OK | |
r-devel-linux-x86_64-debian-gcc | 0.2.5 | 4.50 | 29.82 | 34.32 | OK | |
r-devel-linux-x86_64-fedora-clang | 0.2.5 | 73.10 | NOTE | |||
r-devel-linux-x86_64-fedora-gcc | 0.2.5 | 69.25 | NOTE | |||
r-devel-windows-x86_64 | 0.2.5 | 7.00 | 56.00 | 63.00 | OK | |
r-patched-linux-x86_64 | 0.2.5 | 5.21 | 35.94 | 41.15 | OK | |
r-release-linux-x86_64 | 0.2.5 | 6.23 | 36.63 | 42.86 | OK | |
r-release-macos-arm64 | 0.2.5 | 26.00 | OK | |||
r-release-macos-x86_64 | 0.2.5 | 43.00 | OK | |||
r-release-windows-x86_64 | 0.2.5 | 7.00 | 60.00 | 67.00 | OK | |
r-oldrel-macos-arm64 | 0.2.5 | 24.00 | OK | |||
r-oldrel-macos-x86_64 | 0.2.5 | 40.00 | OK | |||
r-oldrel-windows-x86_64 | 0.2.5 | 10.00 | 68.00 | 78.00 | OK |
Version: 0.2.5
Check: dependencies in R code
Result: NOTE
Namespaces in Imports field not imported from:
‘gargle’ ‘getProxy’ ‘rappsflyer’ ‘rfacebookstat’ ‘rgoogleads’
‘rmytarget’ ‘rvkstat’ ‘ryandexdirect’ ‘rym’ ‘tidyr’
All declared Imports should be used.
Flavors: r-devel-linux-x86_64-fedora-clang, r-devel-linux-x86_64-fedora-gcc