CRAN Package Check Results for Package gamesGA

Last updated on 2025-07-25 03:51:24 CEST.

Flavor Version Tinstall Tcheck Ttotal Status Flags
r-devel-linux-x86_64-debian-clang 1.1.3.7 4.91 36.06 40.97 OK
r-devel-linux-x86_64-debian-gcc 1.1.3.7 3.66 28.69 32.35 OK
r-devel-linux-x86_64-fedora-clang 1.1.3.7 62.44 NOTE
r-devel-linux-x86_64-fedora-gcc 1.1.3.7 61.30 NOTE
r-devel-windows-x86_64 1.1.3.7 8.00 69.00 77.00 OK
r-patched-linux-x86_64 1.1.3.7 4.30 35.45 39.75 OK
r-release-linux-x86_64 1.1.3.7 4.54 35.19 39.73 OK
r-release-macos-arm64 1.1.3.7 30.00 OK
r-release-macos-x86_64 1.1.3.7 47.00 OK
r-release-windows-x86_64 1.1.3.7 9.00 63.00 72.00 OK
r-oldrel-macos-arm64 1.1.3.7 23.00 NOTE
r-oldrel-macos-x86_64 1.1.3.7 35.00 NOTE
r-oldrel-windows-x86_64 1.1.3.7 10.00 66.00 76.00 NOTE

Check Details

Version: 1.1.3.7
Check: dependencies in R code
Result: NOTE Namespace in Imports field not imported from: ‘grDevices’ All declared Imports should be used. Flavors: r-devel-linux-x86_64-fedora-clang, r-devel-linux-x86_64-fedora-gcc

Version: 1.1.3.7
Check: LazyData
Result: NOTE 'LazyData' is specified without a 'data' directory Flavors: r-oldrel-macos-arm64, r-oldrel-macos-x86_64, r-oldrel-windows-x86_64