CRAN Package Check Results for Package gamlss.foreach

Last updated on 2025-05-04 03:50:53 CEST.

Flavor Version Tinstall Tcheck Ttotal Status Flags
r-devel-linux-x86_64-debian-clang 1.1-6 8.82 76.74 85.56 NOTE
r-devel-linux-x86_64-debian-gcc 1.1-6 6.26 53.69 59.95 NOTE
r-devel-linux-x86_64-fedora-clang 1.1-6 134.99 NOTE
r-devel-linux-x86_64-fedora-gcc 1.1-6 120.30 NOTE
r-devel-windows-x86_64 1.1-6 10.00 98.00 108.00 NOTE
r-patched-linux-x86_64 1.1-6 8.86 70.66 79.52 NOTE
r-release-linux-x86_64 NOTE
r-release-macos-arm64 1.1-6 41.00 NOTE
r-release-macos-x86_64 1.1-6 74.00 NOTE
r-release-windows-x86_64 1.1-6 10.00 89.00 99.00 NOTE
r-oldrel-macos-arm64 1.1-6 38.00 NOTE
r-oldrel-macos-x86_64 1.1-6 55.00 NOTE
r-oldrel-windows-x86_64 1.1-6 11.00 107.00 118.00 NOTE

Check Details

Version: 1.1-6
Check: CRAN incoming feasibility
Result: NOTE Maintainer: ‘Mikis Stasinopoulos <d.stasinopoulos@londonmet.ac.uk>’ No Authors@R field in DESCRIPTION. Please add one, modifying Authors@R: c(person(given = "Mikis", family = "Stasinopoulos", role = c("aut", "cre", "cph"), email = "d.stasinopoulos@londonmet.ac.uk"), person(given = "Bob", family = "Rigby", role = "aut"), person(given = "Fernanda", family = "De Bastiani", role = "aut")) as necessary. Flavors: r-devel-linux-x86_64-debian-clang, r-devel-linux-x86_64-debian-gcc

Version: 1.1-6
Check: Rd files
Result: NOTE checkRd: (-1) pc.Rd:17: Lost braces 17 | The functions \code{gamlss.pcr()} and \code{gamlss.pc()} are supporting functions. The are not intended to be called directly by users. The function \code{gamlss.pc()} is using the linear model function \code{lm()} to fit the first principal components while the function code{gamlss.pcr()} uses \code{fitPCR()}. | ^ Flavors: r-devel-linux-x86_64-debian-clang, r-devel-linux-x86_64-debian-gcc, r-devel-linux-x86_64-fedora-clang, r-devel-linux-x86_64-fedora-gcc, r-devel-windows-x86_64, r-patched-linux-x86_64, r-release-linux-x86_64, r-release-macos-arm64, r-release-macos-x86_64, r-release-windows-x86_64, r-oldrel-macos-arm64, r-oldrel-macos-x86_64, r-oldrel-windows-x86_64