Last updated on 2025-05-04 03:50:53 CEST.
Flavor | Version | Tinstall | Tcheck | Ttotal | Status | Flags |
---|---|---|---|---|---|---|
r-devel-linux-x86_64-debian-clang | 2.3.3 | 4.63 | 23.81 | 28.44 | NOTE | |
r-devel-linux-x86_64-debian-gcc | 2.3.3 | 3.28 | 19.17 | 22.45 | NOTE | |
r-devel-linux-x86_64-fedora-clang | 2.3.3 | 45.75 | NOTE | |||
r-devel-linux-x86_64-fedora-gcc | 2.3.3 | 42.72 | NOTE | |||
r-devel-windows-x86_64 | 2.3.3 | 9.00 | 66.00 | 75.00 | NOTE | |
r-patched-linux-x86_64 | 2.3.3 | 4.54 | 22.86 | 27.40 | NOTE | |
r-release-linux-x86_64 | NOTE | |||||
r-release-macos-arm64 | 2.3.3 | 21.00 | NOTE | |||
r-release-macos-x86_64 | 2.3.3 | 33.00 | NOTE | |||
r-release-windows-x86_64 | 2.3.3 | 7.00 | 58.00 | 65.00 | NOTE | |
r-oldrel-macos-arm64 | 2.3.3 | 20.00 | NOTE | |||
r-oldrel-macos-x86_64 | 2.3.3 | 28.00 | NOTE | |||
r-oldrel-windows-x86_64 | 2.3.3 | 8.00 | 58.00 | 66.00 | NOTE |
Version: 2.3.3
Check: CRAN incoming feasibility
Result: NOTE
Maintainer: ‘Bin Wang <bwang@southalabama.edu>’
No Authors@R field in DESCRIPTION.
Please add one, modifying
Authors@R: c(person(given = "Bin",
family = "Wang.",
role = "aut",
email = "bwang@southalabama.edu"),
person(given = "Bin",
family = "Wang",
role = "cre",
email = "bwang@southalabama.edu"))
as necessary.
Flavors: r-devel-linux-x86_64-debian-clang, r-devel-linux-x86_64-debian-gcc
Version: 2.3.3
Check: Rd files
Result: NOTE
checkRd: (-1) fitgbd.Rd:29: Escaped LaTeX specials: \&
checkRd: (-1) fitgld.Rd:30: Escaped LaTeX specials: \&
checkRd: (-1) gb.Rd:28: Escaped LaTeX specials: \&
checkRd: (-1) gbd.Rd:37: Escaped LaTeX specials: \&
checkRd: (-1) gld.Rd:36: Escaped LaTeX specials: \&
Flavors: r-devel-linux-x86_64-debian-clang, r-devel-linux-x86_64-debian-gcc, r-devel-linux-x86_64-fedora-clang, r-devel-linux-x86_64-fedora-gcc, r-devel-windows-x86_64, r-patched-linux-x86_64, r-release-linux-x86_64, r-release-macos-arm64, r-release-macos-x86_64, r-release-windows-x86_64, r-oldrel-macos-arm64, r-oldrel-macos-x86_64, r-oldrel-windows-x86_64