Last updated on 2025-05-06 03:51:03 CEST.
Flavor | Version | Tinstall | Tcheck | Ttotal | Status | Flags |
---|---|---|---|---|---|---|
r-devel-linux-x86_64-debian-clang | 1.0.0 | 2.91 | 57.26 | 60.17 | NOTE | |
r-devel-linux-x86_64-debian-gcc | 1.0.0 | 1.95 | 39.01 | 40.96 | NOTE | |
r-devel-linux-x86_64-fedora-clang | 1.0.0 | 95.26 | NOTE | |||
r-devel-linux-x86_64-fedora-gcc | 1.0.0 | 89.93 | NOTE | |||
r-devel-windows-x86_64 | 1.0.0 | 4.00 | 68.00 | 72.00 | NOTE | |
r-patched-linux-x86_64 | 1.0.0 | 2.82 | 52.96 | 55.78 | NOTE | |
r-release-linux-x86_64 | 1.0.0 | 2.90 | 53.03 | 55.93 | NOTE | |
r-release-macos-arm64 | 1.0.0 | 30.00 | NOTE | |||
r-release-macos-x86_64 | 1.0.0 | 72.00 | NOTE | |||
r-release-windows-x86_64 | 1.0.0 | 4.00 | 67.00 | 71.00 | NOTE | |
r-oldrel-macos-arm64 | 1.0.0 | 27.00 | NOTE | |||
r-oldrel-macos-x86_64 | 1.0.0 | 50.00 | NOTE | |||
r-oldrel-windows-x86_64 | 1.0.0 | 5.00 | 81.00 | 86.00 | NOTE |
Version: 1.0.0
Check: Rd files
Result: NOTE
checkRd: (-1) GCTF.Rd:56: Lost braces; missing escapes or markup?
56 | U : A matrix which has N-rows and J-columns (J < {N, M}).
| ^
checkRd: (-1) GCTF.Rd:57: Lost braces; missing escapes or markup?
57 | V : A matrix which has M-rows and J-columns (J < {N, M}).
| ^
checkRd: (-1) GCTF.Rd:58: Lost braces; missing escapes or markup?
58 | J : The number of dimension (J < {N, M}).
| ^
Flavors: r-devel-linux-x86_64-debian-clang, r-devel-linux-x86_64-debian-gcc, r-devel-linux-x86_64-fedora-clang, r-devel-linux-x86_64-fedora-gcc, r-devel-windows-x86_64, r-patched-linux-x86_64, r-release-linux-x86_64, r-release-macos-arm64, r-release-macos-x86_64, r-release-windows-x86_64, r-oldrel-macos-arm64, r-oldrel-macos-x86_64, r-oldrel-windows-x86_64