Last updated on 2025-05-04 03:50:54 CEST.
Flavor | Version | Tinstall | Tcheck | Ttotal | Status | Flags |
---|---|---|---|---|---|---|
r-devel-linux-x86_64-debian-clang | 1.3 | 3.68 | 36.06 | 39.74 | NOTE | |
r-devel-linux-x86_64-debian-gcc | 1.3 | 3.57 | 26.20 | 29.77 | NOTE | |
r-devel-linux-x86_64-fedora-clang | 1.3 | 63.76 | NOTE | |||
r-devel-linux-x86_64-fedora-gcc | 1.3 | 62.02 | NOTE | |||
r-devel-windows-x86_64 | 1.3 | 6.00 | 63.00 | 69.00 | NOTE | |
r-patched-linux-x86_64 | 1.3 | 5.22 | 34.47 | 39.69 | NOTE | |
r-release-linux-x86_64 | NOTE | |||||
r-release-macos-arm64 | 1.3 | 23.00 | NOTE | |||
r-release-macos-x86_64 | 1.3 | 39.00 | NOTE | |||
r-release-windows-x86_64 | 1.3 | 6.00 | 58.00 | 64.00 | NOTE | |
r-oldrel-macos-arm64 | 1.3 | 22.00 | NOTE | |||
r-oldrel-macos-x86_64 | 1.3 | 31.00 | NOTE | |||
r-oldrel-windows-x86_64 | 1.3 | 7.00 | 64.00 | 71.00 | NOTE |
Version: 1.3
Check: CRAN incoming feasibility
Result: NOTE
Maintainer: ‘Zheng Li <zheng.li@outlook.com>’
No Authors@R field in DESCRIPTION.
Please add one, modifying
Authors@R: c(person(given = "Ming",
family = "Wang",
role = "aut",
email = "mwang@phs.psu.edu"),
person(given = "Zheng",
family = "Li",
role = "cre",
email = "zheng.li@outlook.com"))
as necessary.
Flavors: r-devel-linux-x86_64-debian-clang, r-devel-linux-x86_64-debian-gcc
Version: 1.3
Check: Rd files
Result: NOTE
checkRd: (-1) dental.Rd:15: Lost braces in \itemize; meant \describe ?
checkRd: (-1) dental.Rd:16: Lost braces in \itemize; meant \describe ?
checkRd: (-1) dental.Rd:17: Lost braces in \itemize; meant \describe ?
checkRd: (-1) dental.Rd:18: Lost braces in \itemize; meant \describe ?
checkRd: (-1) dental.Rd:19: Lost braces in \itemize; meant \describe ?
checkRd: (-1) dental.Rd:20: Lost braces in \itemize; meant \describe ?
checkRd: (-1) seizure.Rd:15: Lost braces in \itemize; meant \describe ?
checkRd: (-1) seizure.Rd:16: Lost braces in \itemize; meant \describe ?
checkRd: (-1) seizure.Rd:17: Lost braces in \itemize; meant \describe ?
checkRd: (-1) seizure.Rd:18: Lost braces in \itemize; meant \describe ?
checkRd: (-1) seizure.Rd:19: Lost braces in \itemize; meant \describe ?
checkRd: (-1) seizure.Rd:20: Lost braces in \itemize; meant \describe ?
checkRd: (-1) seizure.Rd:21: Lost braces in \itemize; meant \describe ?
Flavors: r-devel-linux-x86_64-debian-clang, r-devel-linux-x86_64-debian-gcc, r-devel-linux-x86_64-fedora-clang, r-devel-linux-x86_64-fedora-gcc, r-devel-windows-x86_64, r-patched-linux-x86_64, r-release-linux-x86_64, r-release-macos-arm64, r-release-macos-x86_64, r-release-windows-x86_64, r-oldrel-macos-arm64, r-oldrel-macos-x86_64, r-oldrel-windows-x86_64