Last updated on 2025-05-07 03:51:01 CEST.
Flavor | Version | Tinstall | Tcheck | Ttotal | Status | Flags |
---|---|---|---|---|---|---|
r-devel-linux-x86_64-debian-clang | 0.7.3 | 3.66 | 32.47 | 36.13 | NOTE | |
r-devel-linux-x86_64-debian-gcc | 0.7.3 | 2.72 | 26.23 | 28.95 | NOTE | |
r-devel-linux-x86_64-fedora-clang | 0.7.3 | 56.52 | OK | |||
r-devel-linux-x86_64-fedora-gcc | 0.7.3 | 54.42 | OK | |||
r-devel-windows-x86_64 | 0.7.3 | 5.00 | 53.00 | 58.00 | OK | |
r-patched-linux-x86_64 | 0.7.3 | 3.17 | 30.25 | 33.42 | OK | |
r-release-linux-x86_64 | 0.7.3 | 3.51 | 29.95 | 33.46 | OK | |
r-release-macos-arm64 | 0.7.3 | 22.00 | OK | |||
r-release-macos-x86_64 | 0.7.3 | 40.00 | OK | |||
r-release-windows-x86_64 | 0.7.3 | 5.00 | 53.00 | 58.00 | OK | |
r-oldrel-macos-arm64 | 0.7.3 | 17.00 | OK | |||
r-oldrel-macos-x86_64 | 0.7.3 | 31.00 | OK | |||
r-oldrel-windows-x86_64 | 0.7.3 | 6.00 | 60.00 | 66.00 | OK |
Version: 0.7.3
Check: CRAN incoming feasibility
Result: NOTE
Maintainer: ‘Michael Friendly <friendly@yorku.ca>’
No Authors@R field in DESCRIPTION.
Please add one, modifying
Authors@R: c(person(given = "Georges",
family = "Monette",
role = "aut"),
person(given = "Michael",
family = "Friendly",
role = c("aut", "cre"),
email = "friendly@yorku.ca"))
as necessary.
Flavors: r-devel-linux-x86_64-debian-clang, r-devel-linux-x86_64-debian-gcc