CRAN Package Check Results for Package gelnet

Last updated on 2025-05-07 03:51:01 CEST.

Flavor Version Tinstall Tcheck Ttotal Status Flags
r-devel-linux-x86_64-debian-clang 1.2.1 3.24 24.05 27.29 NOTE
r-devel-linux-x86_64-debian-gcc 1.2.1 2.27 18.98 21.25 NOTE
r-devel-linux-x86_64-fedora-clang 1.2.1 42.93 NOTE
r-devel-linux-x86_64-fedora-gcc 1.2.1 54.45 NOTE
r-devel-windows-x86_64 1.2.1 5.00 47.00 52.00 NOTE
r-patched-linux-x86_64 1.2.1 3.01 22.83 25.84 NOTE
r-release-linux-x86_64 1.2.1 2.88 22.79 25.67 NOTE
r-release-macos-arm64 1.2.1 27.00 NOTE
r-release-macos-x86_64 1.2.1 44.00 NOTE
r-release-windows-x86_64 1.2.1 7.00 46.00 53.00 NOTE
r-oldrel-macos-arm64 1.2.1 30.00 NOTE
r-oldrel-macos-x86_64 1.2.1 35.00 NOTE
r-oldrel-windows-x86_64 1.2.1 6.00 53.00 59.00 NOTE

Check Details

Version: 1.2.1
Check: CRAN incoming feasibility
Result: NOTE Maintainer: ‘Artem Sokolov <artem.sokolov@gmail.com>’ No Authors@R field in DESCRIPTION. Please add one, modifying Authors@R: person(given = "Artem", family = "Sokolov", role = c("aut", "cre"), email = "artem.sokolov@gmail.com") as necessary. Flavors: r-devel-linux-x86_64-debian-clang, r-devel-linux-x86_64-debian-gcc

Version: 1.2.1
Check: Rd files
Result: NOTE checkRd: (-1) gelnet.logreg.obj.Rd:17: Lost braces; missing escapes or markup? 17 | \item{y}{n-by-1 binary response vector sampled from {0,1}} | ^ Flavors: r-devel-linux-x86_64-debian-clang, r-devel-linux-x86_64-debian-gcc, r-devel-linux-x86_64-fedora-clang, r-devel-linux-x86_64-fedora-gcc, r-devel-windows-x86_64, r-patched-linux-x86_64, r-release-linux-x86_64, r-release-macos-arm64, r-release-macos-x86_64, r-release-windows-x86_64, r-oldrel-macos-arm64, r-oldrel-macos-x86_64, r-oldrel-windows-x86_64

Version: 1.2.1
Check: compiled code
Result: NOTE File ‘gelnet/libs/gelnet.so’: Found no calls to: ‘R_registerRoutines’, ‘R_useDynamicSymbols’ It is good practice to register native routines and to disable symbol search. See ‘Writing portable packages’ in the ‘Writing R Extensions’ manual. Flavors: r-devel-linux-x86_64-fedora-clang, r-devel-linux-x86_64-fedora-gcc