CRAN Package Check Results for Package geneticae

Last updated on 2025-07-24 03:49:59 CEST.

Flavor Version Tinstall Tcheck Ttotal Status Flags
r-devel-linux-x86_64-debian-clang 0.4.0 17.53 162.02 179.55 OK
r-devel-linux-x86_64-debian-gcc 0.4.0 11.67 113.90 125.57 OK
r-devel-linux-x86_64-fedora-clang 0.4.0 281.22 NOTE
r-devel-linux-x86_64-fedora-gcc 0.4.0 282.89 NOTE
r-devel-windows-x86_64 0.4.0 20.00 141.00 161.00 OK
r-patched-linux-x86_64 0.4.0 16.39 148.04 164.43 OK
r-release-linux-x86_64 0.4.0 16.00 147.65 163.65 OK
r-release-macos-arm64 0.4.0 75.00 OK
r-release-macos-x86_64 0.4.0 144.00 OK
r-release-windows-x86_64 0.4.0 19.00 144.00 163.00 OK
r-oldrel-macos-arm64 0.4.0 72.00 OK
r-oldrel-macos-x86_64 0.4.0 112.00 OK
r-oldrel-windows-x86_64 0.4.0 24.00 190.00 214.00 OK

Check Details

Version: 0.4.0
Check: dependencies in R code
Result: NOTE Namespaces in Imports field not imported from: ‘GGEBiplots’ ‘calibrate’ ‘graphics’ ‘matrixStats’ ‘prettydoc’ ‘reshape2’ All declared Imports should be used. Flavors: r-devel-linux-x86_64-fedora-clang, r-devel-linux-x86_64-fedora-gcc