Last updated on 2025-05-06 03:51:03 CEST.
Flavor | Version | Tinstall | Tcheck | Ttotal | Status | Flags |
---|---|---|---|---|---|---|
r-devel-linux-x86_64-debian-clang | 2.0.0 | 9.56 | 95.46 | 105.02 | NOTE | |
r-devel-linux-x86_64-debian-gcc | 2.0.0 | 7.48 | 67.71 | 75.19 | NOTE | |
r-devel-linux-x86_64-fedora-clang | 2.0.0 | 184.19 | NOTE | |||
r-devel-linux-x86_64-fedora-gcc | 2.0.0 | 195.09 | NOTE | |||
r-devel-windows-x86_64 | 2.0.0 | 12.00 | 112.00 | 124.00 | NOTE | |
r-patched-linux-x86_64 | 2.0.0 | 10.31 | 94.03 | 104.34 | NOTE | |
r-release-linux-x86_64 | 2.0.0 | 10.02 | 92.85 | 102.87 | NOTE | |
r-release-macos-arm64 | 2.0.0 | 75.00 | NOTE | |||
r-release-macos-x86_64 | 2.0.0 | 118.00 | NOTE | |||
r-release-windows-x86_64 | 2.0.0 | 13.00 | 111.00 | 124.00 | NOTE | |
r-oldrel-macos-arm64 | 2.0.0 | 59.00 | OK | |||
r-oldrel-macos-x86_64 | 2.0.0 | 90.00 | OK | |||
r-oldrel-windows-x86_64 | 2.0.0 | 14.00 | 138.00 | 152.00 | OK |
Version: 2.0.0
Check: DESCRIPTION meta-information
Result: NOTE
Missing dependency on R >= 4.1.0 because package code uses the pipe
|> or function shorthand \(...) syntax added in R 4.1.0.
File(s) using such syntax:
‘add_geometry.Rd’ ‘add_level.Rd’ ‘common.R’
‘complete_point_geometry.Rd’ ‘complete_relation_by_geography.Rd’
‘coordinates_to_geometry.Rd’ ‘explotation.R’ ‘geodimension.R’
‘geolevel.R’ ‘get_empty_geometry_instances.Rd’
‘get_higher_level_names.Rd’ ‘get_level_data.Rd’
‘get_level_data_geo.Rd’ ‘get_level_geometries.Rd’
‘get_level_layer.Rd’ ‘get_level_names.Rd’
‘get_unrelated_instances.Rd’ ‘relate_levels.Rd’ ‘relations.R’
‘select_levels.Rd’ ‘set_level_data.Rd’ ‘transform_crs.Rd’
Flavors: r-devel-linux-x86_64-debian-clang, r-devel-linux-x86_64-debian-gcc, r-devel-linux-x86_64-fedora-clang, r-devel-linux-x86_64-fedora-gcc, r-devel-windows-x86_64, r-patched-linux-x86_64, r-release-linux-x86_64, r-release-macos-arm64, r-release-macos-x86_64, r-release-windows-x86_64