Last updated on 2025-10-31 02:50:32 CET.
| Flavor | Version | Tinstall | Tcheck | Ttotal | Status | Flags | 
|---|---|---|---|---|---|---|
| r-devel-linux-x86_64-debian-clang | 2.0.8 | 40.02 | 553.23 | 593.25 | OK | |
| r-devel-linux-x86_64-debian-gcc | 2.0.8 | 24.03 | 369.60 | 393.63 | OK | |
| r-devel-linux-x86_64-fedora-clang | 2.0.8 | 178.00 | 398.03 | 576.03 | ERROR | |
| r-devel-linux-x86_64-fedora-gcc | 2.0.8 | 83.00 | 813.12 | 896.12 | ERROR | |
| r-devel-windows-x86_64 | 2.0.8 | 40.00 | 462.00 | 502.00 | OK | |
| r-patched-linux-x86_64 | 2.0.8 | 36.56 | 548.59 | 585.15 | OK | |
| r-release-linux-x86_64 | 2.0.8 | 36.37 | 552.15 | 588.52 | OK | |
| r-release-macos-arm64 | 2.0.8 | 17.00 | 285.00 | 302.00 | OK | |
| r-release-macos-x86_64 | 2.0.8 | 36.00 | 520.00 | 556.00 | OK | |
| r-release-windows-x86_64 | 2.0.8 | 41.00 | 459.00 | 500.00 | OK | |
| r-oldrel-macos-arm64 | 2.0.8 | 16.00 | 256.00 | 272.00 | NOTE | |
| r-oldrel-macos-x86_64 | 2.0.8 | 68.00 | 648.00 | 716.00 | NOTE | |
| r-oldrel-windows-x86_64 | 2.0.8 | 55.00 | 641.00 | 696.00 | NOTE | 
Version: 2.0.8
Check: examples
Result: ERROR
  Running examples in ‘geostatsp-Ex.R’ failed
  The error most likely occurred in:
  
  > ### Name: RFsimulate
  > ### Title: Simulation of Random Fields
  > ### Aliases: RFsimulate modelRandomFields RFsimulate RFsimulate-methods
  > ###   RFsimulate,ANY,SpatRaster-method RFsimulate,numeric,SpatRaster-method
  > ###   RFsimulate,numeric,SpatVector-method
  > ###   RFsimulate,RMmodel,SpatVector-method
  > ###   RFsimulate,RMmodel,SpatRaster-method
  > ###   RFsimulate,matrix,SpatRaster-method
  > ###   RFsimulate,matrix,SpatVector-method RFsimulate,data.frame,ANY-method
  > ### Keywords: spatial
  > 
  > ### ** Examples
  > 
  > library('geostatsp')
  > 
  > # exclude this line to use the RandomFields package
  > options(useRandomFields = FALSE)
  > 
  > model1 <- c(var=5, range=1,shape=0.5)
  > 
  > 
  > myraster = rast(nrows=20,ncols=30,extent = ext(0,6,0,4), 
  + 	crs="+proj=utm +zone=17 +datum=NAD27 +units=m +no_defs")
  > 
  > set.seed(0) 
  > 
  > simu <- RFsimulate(model1, x=myraster, n=3)
  install the RandomFields package for faster simulations
  OMP: Warning #96: Cannot form a team with 24 threads, using 2 instead.
  OMP: Hint Consider unsetting KMP_DEVICE_THREAD_LIMIT (KMP_ALL_THREADS), KMP_TEAMS_THREAD_LIMIT, and OMP_THREAD_LIMIT (if any are set).
Flavor: r-devel-linux-x86_64-fedora-clang
Version: 2.0.8
Check: tests
Result: ERROR
    Running ‘RFsimulate.R’
  Running the tests in ‘tests/RFsimulate.R’ failed.
  Complete output:
    > library("geostatsp")
    Loading required package: Matrix
    Loading required package: terra
    terra 1.8.70
    > 
    > model <- c(var=5, range=20,shape=0.5)
    > 
    > # any old crs
    > theCrs = "+proj=utm +zone=17 +datum=NAD27 +units=m +no_defs"
    > 
    > # don't test using the randomFields package, it's currently broken on some R builds
    > options(useRandomFields = FALSE)
    > 
    >   myraster = rast(nrows=20,ncols=20,extent = ext(100,110,100,110), 
    +     crs=theCrs)
    > 
    > set.seed(0)
    > simu = RFsimulate(model = rbind(a=model, b=model+0.1), 
    +   x=myraster, n=4
    + )
    OMP: Warning #96: Cannot form a team with 24 threads, using 2 instead.
    OMP: Hint Consider unsetting KMP_DEVICE_THREAD_LIMIT (KMP_ALL_THREADS), KMP_TEAMS_THREAD_LIMIT, and OMP_THREAD_LIMIT (if any are set).
Flavor: r-devel-linux-x86_64-fedora-clang
Version: 2.0.8
Check: examples
Result: ERROR
  Running examples in ‘geostatsp-Ex.R’ failed
  The error most likely occurred in:
  
  > ### Name: RFsimulate
  > ### Title: Simulation of Random Fields
  > ### Aliases: RFsimulate modelRandomFields RFsimulate RFsimulate-methods
  > ###   RFsimulate,ANY,SpatRaster-method RFsimulate,numeric,SpatRaster-method
  > ###   RFsimulate,numeric,SpatVector-method
  > ###   RFsimulate,RMmodel,SpatVector-method
  > ###   RFsimulate,RMmodel,SpatRaster-method
  > ###   RFsimulate,matrix,SpatRaster-method
  > ###   RFsimulate,matrix,SpatVector-method RFsimulate,data.frame,ANY-method
  > ### Keywords: spatial
  > 
  > ### ** Examples
  > 
  > library('geostatsp')
  > 
  > # exclude this line to use the RandomFields package
  > options(useRandomFields = FALSE)
  > 
  > model1 <- c(var=5, range=1,shape=0.5)
  > 
  > 
  > myraster = rast(nrows=20,ncols=30,extent = ext(0,6,0,4), 
  + 	crs="+proj=utm +zone=17 +datum=NAD27 +units=m +no_defs")
  > 
  > set.seed(0) 
  > 
  > simu <- RFsimulate(model1, x=myraster, n=3)
  install the RandomFields package for faster simulations
Flavor: r-devel-linux-x86_64-fedora-gcc
Version: 2.0.8
Check: tests
Result: ERROR
    Running ‘RFsimulate.R’ [89m/61m]
    Running ‘krige.R’ [21s/26s]
    Running ‘lgcp.R’ [89s/88s]
    Running ‘lgm.R’ [66s/78s]
    Running ‘lgmRaster.R’ [0m/26m]
    Running ‘likfitLgm.R’
  Running the tests in ‘tests/RFsimulate.R’ failed.
  Complete output:
    > library("geostatsp")
    Loading required package: Matrix
    Loading required package: terra
    terra 1.8.70
    > 
    > model <- c(var=5, range=20,shape=0.5)
    > 
    > # any old crs
    > theCrs = "+proj=utm +zone=17 +datum=NAD27 +units=m +no_defs"
    > 
    > # don't test using the randomFields package, it's currently broken on some R builds
    > options(useRandomFields = FALSE)
    > 
    >   myraster = rast(nrows=20,ncols=20,extent = ext(100,110,100,110), 
    +     crs=theCrs)
    > 
    > set.seed(0)
    > simu = RFsimulate(model = rbind(a=model, b=model+0.1), 
    +   x=myraster, n=4
    + )
  Running the tests in ‘tests/lgmRaster.R’ failed.
  Complete output:
    > #+ setup
    > library('geostatsp')
    Loading required package: Matrix
    Loading required package: terra
    terra 1.8.70
    > #'
    > 
    > #' # simulated data
    > 
    > # exclude this line to use the RandomFields package
    > options(useRandomFields = FALSE)
    > 
    > Ncell =  40
    > 
    > myRaster = squareRaster(ext(0,6000,0,6000), Ncell)
    > 
    > myParam=c(oneminusar=0.1, conditionalVariance=2.5^2,shape=2)
    > myQ = maternGmrfPrec(myRaster, param=myParam)
    > attributes(myQ)$info$optimalShape
         shape   variance      range   cellSize 
      4.092496 110.524266 900.000000 150.000000 
    > set.seed(0)
    > mySim = RFsimulate(attributes(myQ)$info$optimalShape, myRaster)
    install the RandomFields package for faster simulations
Flavor: r-devel-linux-x86_64-fedora-gcc
Version: 2.0.8
Check: package dependencies
Result: NOTE
  Package suggested but not available for checking: ‘RandomFields’
  
  Package which this enhances but not available for checking: ‘INLA’
Flavors: r-oldrel-macos-arm64, r-oldrel-macos-x86_64
Version: 2.0.8
Check: package dependencies
Result: NOTE
  Package suggested but not available for checking: 'RandomFields'
Flavor: r-oldrel-windows-x86_64