Last updated on 2025-05-06 03:51:03 CEST.
Flavor | Version | Tinstall | Tcheck | Ttotal | Status | Flags |
---|---|---|---|---|---|---|
r-devel-linux-x86_64-debian-clang | 1.0-1 | 5.18 | 56.50 | 61.68 | NOTE | |
r-devel-linux-x86_64-debian-gcc | 1.0-1 | 3.84 | 43.00 | 46.84 | NOTE | |
r-devel-linux-x86_64-fedora-clang | 1.0-1 | 95.17 | NOTE | |||
r-devel-linux-x86_64-fedora-gcc | 1.0-1 | 111.94 | NOTE | |||
r-devel-windows-x86_64 | 1.0-1 | 6.00 | 76.00 | 82.00 | NOTE | |
r-patched-linux-x86_64 | 1.0-1 | 5.27 | 53.02 | 58.29 | NOTE | |
r-release-linux-x86_64 | 1.0-1 | 5.36 | 52.29 | 57.65 | NOTE | |
r-release-macos-arm64 | 1.0-1 | 78.00 | NOTE | |||
r-release-macos-x86_64 | 1.0-1 | 74.00 | NOTE | |||
r-release-windows-x86_64 | 1.0-1 | 9.00 | 76.00 | 85.00 | NOTE | |
r-oldrel-macos-arm64 | 1.0-1 | 50.00 | OK | |||
r-oldrel-macos-x86_64 | 1.0-1 | 64.00 | OK | |||
r-oldrel-windows-x86_64 | 1.0-1 | 8.00 | 89.00 | 97.00 | OK |
Version: 1.0-1
Check: DESCRIPTION meta-information
Result: NOTE
Missing dependency on R >= 4.1.0 because package code uses the pipe
|> or function shorthand \(...) syntax added in R 4.1.0.
File(s) using such syntax:
‘query_gesla.R’ ‘query_gesla.Rd’ ‘write_gesla.Rd’
Flavors: r-devel-linux-x86_64-debian-clang, r-devel-linux-x86_64-debian-gcc, r-devel-linux-x86_64-fedora-clang, r-devel-linux-x86_64-fedora-gcc, r-devel-windows-x86_64, r-patched-linux-x86_64, r-release-linux-x86_64, r-release-macos-arm64, r-release-macos-x86_64, r-release-windows-x86_64