Last updated on 2025-05-06 03:51:03 CEST.
Flavor | Version | Tinstall | Tcheck | Ttotal | Status | Flags |
---|---|---|---|---|---|---|
r-devel-linux-x86_64-debian-clang | 0.2.0 | 7.13 | 79.14 | 86.27 | NOTE | |
r-devel-linux-x86_64-debian-gcc | 0.2.0 | 4.65 | 55.98 | 60.63 | NOTE | |
r-devel-linux-x86_64-fedora-clang | 0.2.0 | 136.53 | NOTE | |||
r-devel-linux-x86_64-fedora-gcc | 0.2.0 | 149.60 | NOTE | |||
r-devel-windows-x86_64 | 0.2.0 | 7.00 | 91.00 | 98.00 | OK | |
r-patched-linux-x86_64 | 0.2.0 | 6.64 | 72.84 | 79.48 | OK | |
r-release-linux-x86_64 | 0.2.0 | 6.44 | 72.72 | 79.16 | OK | |
r-release-macos-arm64 | 0.2.0 | 46.00 | OK | |||
r-release-macos-x86_64 | 0.2.0 | 88.00 | OK | |||
r-release-windows-x86_64 | 0.2.0 | 10.00 | 90.00 | 100.00 | OK | |
r-oldrel-macos-arm64 | 0.2.0 | 47.00 | OK | |||
r-oldrel-macos-x86_64 | 0.2.0 | 69.00 | OK | |||
r-oldrel-windows-x86_64 | 0.2.0 | 10.00 | 114.00 | 124.00 | OK |
Version: 0.2.0
Check: CRAN incoming feasibility
Result: NOTE
Maintainer: ‘Roney Fraga Souza <roneyfraga@gmail.com>’
Package CITATION file contains call(s) to old-style citEntry(). Please
use bibentry() instead.
Flavors: r-devel-linux-x86_64-debian-clang, r-devel-linux-x86_64-debian-gcc
Version: 0.2.0
Check: dependencies in R code
Result: NOTE
Namespaces in Imports field not imported from:
‘pipeR’ ‘rlang’
All declared Imports should be used.
Flavors: r-devel-linux-x86_64-fedora-clang, r-devel-linux-x86_64-fedora-gcc