CRAN Package Check Results for Package gfunctions

Last updated on 2025-07-24 03:50:00 CEST.

Flavor Version Tinstall Tcheck Ttotal Status Flags
r-devel-linux-x86_64-debian-clang 1.0 2.16 22.10 24.26 NOTE
r-devel-linux-x86_64-debian-gcc 1.0 1.77 18.09 19.86 NOTE
r-devel-linux-x86_64-fedora-clang 1.1 40.93 OK
r-devel-linux-x86_64-fedora-gcc 1.1 37.53 OK
r-devel-windows-x86_64 1.1 4.00 50.00 54.00 OK
r-patched-linux-x86_64 1.0 2.28 20.77 23.05 NOTE
r-release-linux-x86_64 1.0 1.93 20.68 22.61 NOTE
r-release-macos-arm64 1.0 15.00 OK
r-release-macos-x86_64 1.1 29.00 OK
r-release-windows-x86_64 1.0 4.00 46.00 50.00 NOTE
r-oldrel-macos-arm64 1.0 18.00 OK
r-oldrel-macos-x86_64 1.1 32.00 OK
r-oldrel-windows-x86_64 1.0 5.00 47.00 52.00 OK

Check Details

Version: 1.0
Check: Rd cross-references
Result: NOTE Found the following Rd file(s) with Rd \link{} targets missing package anchors: glag.Rd: zoo, lag.zoo gsummary.Rd: vcovHC, NeweyWest Please provide package anchors for all Rd \link{} targets not in the package itself and the base packages. Flavors: r-devel-linux-x86_64-debian-clang, r-devel-linux-x86_64-debian-gcc, r-patched-linux-x86_64, r-release-linux-x86_64, r-release-windows-x86_64