CRAN Package Check Results for Package ggarchery

Last updated on 2025-07-04 03:50:26 CEST.

Flavor Version Tinstall Tcheck Ttotal Status Flags
r-devel-linux-x86_64-debian-clang 0.4.3 6.30 47.65 53.95 NOTE
r-devel-linux-x86_64-debian-gcc 0.4.3 4.31 33.54 37.85 NOTE
r-devel-linux-x86_64-fedora-clang 0.4.3 79.33 OK
r-devel-linux-x86_64-fedora-gcc 0.4.3 75.93 OK
r-devel-windows-x86_64 0.4.3 7.00 59.00 66.00 NOTE
r-patched-linux-x86_64 0.4.3 6.05 42.58 48.63 NOTE
r-release-linux-x86_64 0.4.3 5.97 42.42 48.39 NOTE
r-release-macos-arm64 0.4.3 26.00 OK
r-release-macos-x86_64 0.4.3 50.00 OK
r-release-windows-x86_64 0.4.3 8.00 63.00 71.00 NOTE
r-oldrel-macos-arm64 0.4.3 24.00 OK
r-oldrel-macos-x86_64 0.4.3 43.00 OK
r-oldrel-windows-x86_64 0.4.3 11.00 72.00 83.00 OK

Check Details

Version: 0.4.3
Check: Rd cross-references
Result: NOTE Found the following Rd file(s) with Rd \link{} targets missing package anchors: geom_arrowsegment.Rd: geom_segment Please provide package anchors for all Rd \link{} targets not in the package itself and the base packages. Flavors: r-devel-linux-x86_64-debian-clang, r-devel-linux-x86_64-debian-gcc, r-devel-windows-x86_64, r-patched-linux-x86_64, r-release-linux-x86_64, r-release-windows-x86_64