Last updated on 2025-05-06 03:51:03 CEST.
Flavor | Version | Tinstall | Tcheck | Ttotal | Status | Flags |
---|---|---|---|---|---|---|
r-devel-linux-x86_64-debian-clang | 0.2.0 | 5.36 | 44.60 | 49.96 | NOTE | |
r-devel-linux-x86_64-debian-gcc | 0.2.0 | 3.90 | 32.21 | 36.11 | NOTE | |
r-devel-linux-x86_64-fedora-clang | 0.2.0 | 67.72 | OK | |||
r-devel-linux-x86_64-fedora-gcc | 0.2.0 | 77.10 | OK | |||
r-devel-windows-x86_64 | 0.2.0 | 8.00 | 58.00 | 66.00 | OK | |
r-patched-linux-x86_64 | 0.2.0 | 5.55 | 40.86 | 46.41 | OK | |
r-release-linux-x86_64 | 0.2.0 | 4.37 | 40.33 | 44.70 | OK | |
r-release-macos-arm64 | 0.2.0 | 42.00 | OK | |||
r-release-macos-x86_64 | 0.2.0 | 39.00 | OK | |||
r-release-windows-x86_64 | 0.2.0 | 8.00 | 56.00 | 64.00 | OK | |
r-oldrel-macos-arm64 | 0.2.0 | 24.00 | OK | |||
r-oldrel-macos-x86_64 | 0.2.0 | 33.00 | OK | |||
r-oldrel-windows-x86_64 | 0.2.0 | 9.00 | 67.00 | 76.00 | OK |
Version: 0.2.0
Check: CRAN incoming feasibility
Result: NOTE
Maintainer: ‘Jacob Scott <jscott2718@gmail.com>’
No Authors@R field in DESCRIPTION.
Please add one, modifying
Authors@R: person(given = "Jacob",
family = "Scott",
role = c("aut", "cre"),
email = "jscott2718@gmail.com")
as necessary.
Flavors: r-devel-linux-x86_64-debian-clang, r-devel-linux-x86_64-debian-gcc