Last updated on 2025-05-06 03:51:03 CEST.
Flavor | Version | Tinstall | Tcheck | Ttotal | Status | Flags |
---|---|---|---|---|---|---|
r-devel-linux-x86_64-debian-clang | 0.4.1 | 10.77 | 84.73 | 95.50 | NOTE | |
r-devel-linux-x86_64-debian-gcc | 0.4.1 | 7.53 | 59.93 | 67.46 | NOTE | |
r-devel-linux-x86_64-fedora-clang | 0.4.1 | 140.95 | OK | |||
r-devel-linux-x86_64-fedora-gcc | 0.4.1 | 149.70 | OK | |||
r-devel-windows-x86_64 | 0.4.1 | 14.00 | 95.00 | 109.00 | OK | |
r-patched-linux-x86_64 | 0.4.1 | 11.60 | 77.83 | 89.43 | OK | |
r-release-linux-x86_64 | 0.4.1 | 10.95 | 76.94 | 87.89 | OK | |
r-release-macos-arm64 | 0.4.1 | 43.00 | OK | |||
r-release-macos-x86_64 | 0.4.1 | 79.00 | OK | |||
r-release-windows-x86_64 | 0.4.1 | 14.00 | 95.00 | 109.00 | OK | |
r-oldrel-macos-arm64 | 0.4.1 | 41.00 | OK | |||
r-oldrel-macos-x86_64 | 0.4.1 | 68.00 | OK | |||
r-oldrel-windows-x86_64 | 0.4.1 | 18.00 | 117.00 | 135.00 | OK |
Version: 0.4.1
Check: CRAN incoming feasibility
Result: NOTE
Maintainer: ‘Jonathan Sidi <yonicd@gmail.com>’
No Authors@R field in DESCRIPTION.
Please add one, modifying
Authors@R: person(given = "Jonathan",
family = "Sidi",
role = c("aut", "cre"),
email = "yonicd@gmail.com")
as necessary.
Flavors: r-devel-linux-x86_64-debian-clang, r-devel-linux-x86_64-debian-gcc