CRAN Package Check Results for Package ggfacto

Last updated on 2025-05-06 03:51:03 CEST.

Flavor Version Tinstall Tcheck Ttotal Status Flags
r-devel-linux-x86_64-debian-clang 0.3.2 7.26 60.24 67.50 NOTE
r-devel-linux-x86_64-debian-gcc 0.3.2 5.75 41.04 46.79 NOTE
r-devel-linux-x86_64-fedora-clang 0.3.2 112.29 NOTE
r-devel-linux-x86_64-fedora-gcc 0.3.2 105.51 NOTE
r-devel-windows-x86_64 0.3.2 12.00 73.00 85.00 NOTE
r-patched-linux-x86_64 0.3.2 8.86 56.18 65.04 NOTE
r-release-linux-x86_64 0.3.2 8.37 54.25 62.62 NOTE
r-release-macos-arm64 0.3.2 30.00 NOTE
r-release-macos-x86_64 0.3.2 54.00 NOTE
r-release-windows-x86_64 0.3.2 10.00 72.00 82.00 NOTE
r-oldrel-macos-arm64 0.3.2 31.00 OK
r-oldrel-macos-x86_64 0.3.2 61.00 OK
r-oldrel-windows-x86_64 0.3.2 13.00 88.00 101.00 OK

Check Details

Version: 0.3.2
Check: DESCRIPTION meta-information
Result: NOTE Missing dependency on R >= 4.1.0 because package code uses the pipe |> or function shorthand \(...) syntax added in R 4.1.0. File(s) using such syntax: ‘geometrical_data_analysis.R’ ‘ggmca.Rd’ ‘ggmca_with_base_ref.Rd’ ‘ggpca_3d.Rd’ ‘ggpca_cor_circle.Rd’ ‘pca_interpret.Rd’ ‘utils.R’ Flavors: r-devel-linux-x86_64-debian-clang, r-devel-linux-x86_64-debian-gcc, r-devel-linux-x86_64-fedora-clang, r-devel-linux-x86_64-fedora-gcc, r-devel-windows-x86_64, r-patched-linux-x86_64, r-release-linux-x86_64, r-release-macos-arm64, r-release-windows-x86_64

Version: 0.3.2
Check: DESCRIPTION meta-information
Result: NOTE Missing dependency on R >= 4.1.0 because package code uses the pipe |> or function shorthand \(...) syntax added in R 4.1.0. File(s) using such syntax: ‘geometrical_data_analysis.R’ ‘utils.R’ Flavor: r-release-macos-x86_64