Last updated on 2025-10-31 02:50:32 CET.
| Flavor | Version | Tinstall | Tcheck | Ttotal | Status | Flags | 
|---|---|---|---|---|---|---|
| r-devel-linux-x86_64-debian-clang | 1.0.0 | 11.94 | 121.81 | 133.75 | NOTE | |
| r-devel-linux-x86_64-debian-gcc | 1.0.0 | 8.21 | 86.40 | 94.61 | NOTE | |
| r-devel-linux-x86_64-fedora-clang | 1.0.0 | 38.00 | 161.50 | 199.50 | OK | |
| r-devel-linux-x86_64-fedora-gcc | 1.0.0 | 26.00 | 164.27 | 190.27 | OK | |
| r-devel-windows-x86_64 | 1.0.0 | 14.00 | 119.00 | 133.00 | OK | |
| r-patched-linux-x86_64 | 1.0.0 | 11.61 | 114.08 | 125.69 | OK | |
| r-release-linux-x86_64 | 1.0.0 | 11.34 | 113.02 | 124.36 | OK | |
| r-release-macos-arm64 | 1.0.0 | 5.00 | 55.00 | 60.00 | OK | |
| r-release-macos-x86_64 | 1.0.0 | 9.00 | 81.00 | 90.00 | OK | |
| r-release-windows-x86_64 | 1.0.0 | 13.00 | 119.00 | 132.00 | OK | |
| r-oldrel-macos-arm64 | 1.0.0 | 4.00 | 44.00 | 48.00 | OK | |
| r-oldrel-macos-x86_64 | 1.0.0 | 7.00 | 66.00 | 73.00 | OK | |
| r-oldrel-windows-x86_64 | 1.0.0 | 18.00 | 155.00 | 173.00 | OK | 
Version: 1.0.0
Check: CRAN incoming feasibility
Result: NOTE
  Maintainer: ‘Brittany Alexander <balexanderstatistics@gmail.com>’
  
  No Authors@R field in DESCRIPTION.
  Please add one, modifying
    Authors@R: person(given = "Brittany",
                      family = "Alexander",
                      role = c("aut", "cre"),
                      email = "balexanderstatistics@gmail.com")
  as necessary.
Flavors: r-devel-linux-x86_64-debian-clang, r-devel-linux-x86_64-debian-gcc