Last updated on 2025-05-04 03:50:54 CEST.
Flavor | Version | Tinstall | Tcheck | Ttotal | Status | Flags |
---|---|---|---|---|---|---|
r-devel-linux-x86_64-debian-clang | 1.0.0 | 11.49 | 111.02 | 122.51 | NOTE | |
r-devel-linux-x86_64-debian-gcc | 1.0.0 | 8.38 | 75.50 | 83.88 | NOTE | |
r-devel-linux-x86_64-fedora-clang | 1.0.0 | 177.35 | OK | |||
r-devel-linux-x86_64-fedora-gcc | 1.0.0 | 187.15 | OK | |||
r-devel-windows-x86_64 | 1.0.0 | 12.00 | 116.00 | 128.00 | OK | |
r-patched-linux-x86_64 | 1.0.0 | 11.75 | 100.77 | 112.52 | OK | |
r-release-linux-x86_64 | OK | |||||
r-release-macos-arm64 | 1.0.0 | 60.00 | OK | |||
r-release-macos-x86_64 | 1.0.0 | 90.00 | OK | |||
r-release-windows-x86_64 | 1.0.0 | 12.00 | 110.00 | 122.00 | OK | |
r-oldrel-macos-arm64 | 1.0.0 | 48.00 | OK | |||
r-oldrel-macos-x86_64 | 1.0.0 | 73.00 | OK | |||
r-oldrel-windows-x86_64 | 1.0.0 | 16.00 | 140.00 | 156.00 | OK |
Version: 1.0.0
Check: CRAN incoming feasibility
Result: NOTE
Maintainer: ‘Brittany Alexander <balexanderstatistics@gmail.com>’
No Authors@R field in DESCRIPTION.
Please add one, modifying
Authors@R: person(given = "Brittany",
family = "Alexander",
role = c("aut", "cre"),
email = "balexanderstatistics@gmail.com")
as necessary.
Flavors: r-devel-linux-x86_64-debian-clang, r-devel-linux-x86_64-debian-gcc