Last updated on 2025-05-06 03:51:03 CEST.
Flavor | Version | Tinstall | Tcheck | Ttotal | Status | Flags |
---|---|---|---|---|---|---|
r-devel-linux-x86_64-debian-clang | 5.1.0 | 8.91 | 102.99 | 111.90 | NOTE | |
r-devel-linux-x86_64-debian-gcc | 5.1.0 | 6.50 | 69.27 | 75.77 | NOTE | |
r-devel-linux-x86_64-fedora-clang | 5.1.0 | 163.47 | OK | |||
r-devel-linux-x86_64-fedora-gcc | 5.1.0 | 175.94 | OK | |||
r-devel-windows-x86_64 | 5.1.0 | 13.00 | 135.00 | 148.00 | NOTE | |
r-patched-linux-x86_64 | 5.1.0 | 9.07 | 95.13 | 104.20 | NOTE | |
r-release-linux-x86_64 | 5.1.0 | 8.31 | 96.58 | 104.89 | NOTE | |
r-release-macos-arm64 | 5.1.0 | 53.00 | OK | |||
r-release-macos-x86_64 | 5.1.0 | 87.00 | OK | |||
r-release-windows-x86_64 | 5.1.0 | 12.00 | 125.00 | 137.00 | NOTE | |
r-oldrel-macos-arm64 | 5.1.0 | 47.00 | OK | |||
r-oldrel-macos-x86_64 | 5.1.0 | 72.00 | OK | |||
r-oldrel-windows-x86_64 | 5.1.0 | 14.00 | 152.00 | 166.00 | OK |
Version: 5.1.0
Check: Rd cross-references
Result: NOTE
Found the following Rd file(s) with Rd \link{} targets missing package
anchors:
geom_tufteboxplot.Rd: stat_boxplot, geom_boxplot
scale_color_tableau.Rd: discrete_scale
scale_colour_canva.Rd: discrete_scale
theme_solid.Rd: theme
theme_tufte.Rd: geom_rug
Please provide package anchors for all Rd \link{} targets not in the
package itself and the base packages.
Flavors: r-devel-linux-x86_64-debian-clang, r-devel-linux-x86_64-debian-gcc, r-devel-windows-x86_64, r-patched-linux-x86_64, r-release-linux-x86_64, r-release-windows-x86_64