Last updated on 2025-10-30 02:49:03 CET.
| Flavor | Version | Tinstall | Tcheck | Ttotal | Status | Flags | 
|---|---|---|---|---|---|---|
| r-devel-linux-x86_64-debian-clang | 1.11 | 3.33 | 18.48 | 21.81 | NOTE | |
| r-devel-linux-x86_64-debian-gcc | 1.11 | 2.40 | 14.91 | 17.31 | NOTE | |
| r-devel-linux-x86_64-fedora-clang | 1.11 | 32.61 | OK | |||
| r-devel-linux-x86_64-fedora-gcc | 1.11 | 30.09 | OK | |||
| r-devel-windows-x86_64 | 1.11 | 7.00 | 39.00 | 46.00 | OK | |
| r-patched-linux-x86_64 | 1.11 | 2.59 | 17.57 | 20.16 | OK | |
| r-release-linux-x86_64 | 1.11 | 2.45 | 17.22 | 19.67 | OK | |
| r-release-macos-arm64 | 1.11 | 3.00 | 17.00 | 20.00 | OK | |
| r-release-macos-x86_64 | 1.11 | 5.00 | 20.00 | 25.00 | OK | |
| r-release-windows-x86_64 | 1.11 | 7.00 | 45.00 | 52.00 | OK | |
| r-oldrel-macos-arm64 | 1.11 | 2.00 | 18.00 | 20.00 | OK | |
| r-oldrel-macos-x86_64 | 1.11 | 4.00 | 16.00 | 20.00 | OK | |
| r-oldrel-windows-x86_64 | 1.11 | 6.00 | 39.00 | 45.00 | OK | 
Version: 1.11
Check: CRAN incoming feasibility
Result: NOTE
  Maintainer: ‘Rob Tibshirani <tibs@stat.stanford.edu>’
  
  No Authors@R field in DESCRIPTION.
  Please add one, modifying
    Authors@R: c(person(given = "Jerome",
                        family = "Friedman",
                        role = "aut"),
                 person(given = "Trevor",
                        family = "Hastie",
                        role = "aut"),
                 person(given = "Rob",
                        family = "Tibshirani",
                        role = c("aut", "cre"),
                        email = "tibs@stat.stanford.edu"))
  as necessary.
Flavors: r-devel-linux-x86_64-debian-clang, r-devel-linux-x86_64-debian-gcc