Last updated on 2025-05-07 03:51:01 CEST.
Flavor | Version | Tinstall | Tcheck | Ttotal | Status | Flags |
---|---|---|---|---|---|---|
r-devel-linux-x86_64-debian-clang | 0.3-1 | 7.84 | 67.30 | 75.14 | NOTE | |
r-devel-linux-x86_64-debian-gcc | 0.3-1 | 5.03 | 50.83 | 55.86 | NOTE | |
r-devel-linux-x86_64-fedora-clang | 0.3-1 | 113.89 | NOTE | |||
r-devel-linux-x86_64-fedora-gcc | 0.3-1 | 113.40 | NOTE | |||
r-devel-windows-x86_64 | 0.3-1 | 8.00 | 84.00 | 92.00 | NOTE | |
r-patched-linux-x86_64 | 0.3-1 | 7.62 | 65.36 | 72.98 | NOTE | |
r-release-linux-x86_64 | 0.3-1 | 7.83 | 65.39 | 73.22 | NOTE | |
r-release-macos-arm64 | 0.3-1 | 40.00 | NOTE | |||
r-release-macos-x86_64 | 0.3-1 | 82.00 | NOTE | |||
r-release-windows-x86_64 | 0.3-1 | 8.00 | 86.00 | 94.00 | NOTE | |
r-oldrel-macos-arm64 | 0.3-1 | 36.00 | NOTE | |||
r-oldrel-macos-x86_64 | 0.3-1 | 61.00 | NOTE | |||
r-oldrel-windows-x86_64 | 0.3-1 | 10.00 | 99.00 | 109.00 | NOTE |
Version: 0.3-1
Check: CRAN incoming feasibility
Result: NOTE
Maintainer: ‘Sanjay Chaudhuri <sanjay@stat.nus.edu.sg>’
Package CITATION file contains call(s) to old-style personList() or
as.personList(). Please use c() on person objects instead.
Package CITATION file contains call(s) to old-style citEntry(). Please
use bibentry() instead.
Flavors: r-devel-linux-x86_64-debian-clang, r-devel-linux-x86_64-debian-gcc
Version: 0.3-1
Check: Rd files
Result: NOTE
checkRd: (-1) glmc.Rd:232: Escaped LaTeX specials: \&
checkRd: (-1) glmc.Rd:241: Escaped LaTeX specials: \&
checkRd: (-1) glmc.control.Rd:29: Escaped LaTeX specials: \$
checkRd: (-1) glmc.control.Rd:31: Escaped LaTeX specials: \$
checkRd: (-1) glmc.summaries.Rd:79: Escaped LaTeX specials: \&
Flavors: r-devel-linux-x86_64-debian-clang, r-devel-linux-x86_64-debian-gcc, r-devel-linux-x86_64-fedora-clang, r-devel-linux-x86_64-fedora-gcc, r-devel-windows-x86_64, r-patched-linux-x86_64, r-release-linux-x86_64, r-release-macos-arm64, r-release-macos-x86_64, r-release-windows-x86_64, r-oldrel-macos-arm64, r-oldrel-macos-x86_64, r-oldrel-windows-x86_64