Last updated on 2025-05-07 03:51:01 CEST.
Flavor | Version | Tinstall | Tcheck | Ttotal | Status | Flags |
---|---|---|---|---|---|---|
r-devel-linux-x86_64-debian-clang | 1.5.4.8 | 430.56 | 190.52 | 621.08 | OK | |
r-devel-linux-x86_64-debian-gcc | 1.5.4.8 | 376.21 | 158.74 | 534.95 | OK | |
r-devel-linux-x86_64-fedora-clang | 1.5.4.8 | 1035.69 | NOTE | |||
r-devel-linux-x86_64-fedora-gcc | 1.5.4.8 | 1436.15 | NOTE | |||
r-devel-windows-x86_64 | 1.5.4.8 | 512.00 | 217.00 | 729.00 | OK | |
r-patched-linux-x86_64 | 1.5.4.8 | 490.01 | 214.10 | 704.11 | OK | |
r-release-linux-x86_64 | 1.5.4.8 | 490.28 | 215.71 | 705.99 | OK | |
r-release-macos-arm64 | 1.5.4.8 | 237.00 | OK | |||
r-release-macos-x86_64 | 1.5.4.8 | 302.00 | OK | |||
r-release-windows-x86_64 | 1.5.4.8 | 497.00 | 217.00 | 714.00 | OK | |
r-oldrel-macos-arm64 | 1.5.4.8 | 131.00 | NOTE | |||
r-oldrel-macos-x86_64 | 1.5.4.8 | 148.00 | NOTE | |||
r-oldrel-windows-x86_64 | 1.5.4.8 | 573.00 | 274.00 | 847.00 | NOTE |
Version: 1.5.4.8
Check: dependencies in R code
Result: NOTE
Namespace in Imports field not imported from: ‘rstantools’
All declared Imports should be used.
Flavors: r-devel-linux-x86_64-fedora-clang, r-devel-linux-x86_64-fedora-gcc
Version: 1.5.4.8
Check: installed package size
Result: NOTE
installed size is 67.4Mb
sub-directories of 1Mb or more:
libs 66.2Mb
Flavors: r-oldrel-macos-arm64, r-oldrel-macos-x86_64
Version: 1.5.4.8
Check: for GNU extensions in Makefiles
Result: NOTE
GNU make is a SystemRequirements.
Flavors: r-oldrel-macos-arm64, r-oldrel-macos-x86_64, r-oldrel-windows-x86_64