CRAN Package Check Results for Package glmnetr

Last updated on 2025-07-04 03:50:26 CEST.

Flavor Version Tinstall Tcheck Ttotal Status Flags
r-devel-linux-x86_64-debian-clang 0.6-1 52.39 10.63 63.02 ERROR
r-devel-linux-x86_64-debian-gcc 0.6-1 29.54 7.34 36.88 ERROR
r-devel-linux-x86_64-fedora-clang 0.6-1 467.00 NOTE
r-devel-linux-x86_64-fedora-gcc 0.6-1 502.94 NOTE
r-devel-windows-x86_64 0.6-1 46.00 213.00 259.00 OK
r-patched-linux-x86_64 0.6-1 48.10 9.14 57.24 ERROR
r-release-linux-x86_64 0.6-1 42.43 8.99 51.42 ERROR
r-release-macos-arm64 0.6-1 119.00 OK
r-release-macos-x86_64 205.00 OK
r-release-windows-x86_64 0.6-1 47.00 223.00 270.00 OK
r-oldrel-macos-arm64 0.6-1 132.00 OK
r-oldrel-macos-x86_64 0.6-1 284.00 OK
r-oldrel-windows-x86_64 0.6-1 68.00 291.00 359.00 OK

Check Details

Version: 0.6-1
Check: whether the package can be loaded
Result: ERROR Loading this package had a fatal error status code 1 Loading log: Error: package or namespace load failed for ‘glmnetr’: .onLoad failed in loadNamespace() for 'torch', details: call: inst_path() error: torch cannot write into '/home/hornik/tmp/R.check/r-devel-clang/Work/build/Packages/torch/'. Execution halted Flavor: r-devel-linux-x86_64-debian-clang

Version: 0.6-1
Check: whether the package can be loaded
Result: ERROR Loading this package had a fatal error status code 1 Loading log: Error: package or namespace load failed for ‘glmnetr’: .onLoad failed in loadNamespace() for 'torch', details: call: inst_path() error: torch cannot write into '/home/hornik/tmp/R.check/r-devel-gcc/Work/build/Packages/torch/'. Execution halted Flavor: r-devel-linux-x86_64-debian-gcc

Version: 0.6-1
Check: dependencies in R code
Result: NOTE Namespaces in Imports field not imported from: ‘DiceKriging’ ‘rgenoud’ All declared Imports should be used. Flavors: r-devel-linux-x86_64-fedora-clang, r-devel-linux-x86_64-fedora-gcc

Version: 0.6-1
Check: whether the package can be loaded
Result: ERROR Loading this package had a fatal error status code 1 Loading log: Error: package or namespace load failed for ‘glmnetr’: .onLoad failed in loadNamespace() for 'torch', details: call: inst_path() error: torch cannot write into '/home/hornik/tmp/R.check/r-patched-gcc/Work/build/Packages/torch/'. Execution halted Flavor: r-patched-linux-x86_64

Version: 0.6-1
Check: whether the package can be loaded
Result: ERROR Loading this package had a fatal error status code 1 Loading log: Error: package or namespace load failed for ‘glmnetr’: .onLoad failed in loadNamespace() for 'torch', details: call: inst_path() error: torch cannot write into '/home/hornik/tmp/R.check/r-release-gcc/Work/build/Packages/torch/'. Execution halted Flavor: r-release-linux-x86_64