Last updated on 2025-10-30 02:49:03 CET.
| Flavor | Version | Tinstall | Tcheck | Ttotal | Status | Flags | 
|---|---|---|---|---|---|---|
| r-devel-linux-x86_64-debian-clang | 1.1 | 2.32 | 18.66 | 20.98 | NOTE | |
| r-devel-linux-x86_64-debian-gcc | 1.1 | 2.07 | 15.29 | 17.36 | NOTE | |
| r-devel-linux-x86_64-fedora-clang | 1.1 | 30.48 | NOTE | |||
| r-devel-linux-x86_64-fedora-gcc | 1.1 | 29.50 | NOTE | |||
| r-devel-windows-x86_64 | 1.1 | 5.00 | 37.00 | 42.00 | NOTE | |
| r-patched-linux-x86_64 | 1.1 | 2.65 | 17.73 | 20.38 | NOTE | |
| r-release-linux-x86_64 | 1.1 | 2.23 | 17.55 | 19.78 | NOTE | |
| r-release-macos-arm64 | 1.1 | 3.00 | 14.00 | 17.00 | NOTE | |
| r-release-macos-x86_64 | 1.1 | 5.00 | 20.00 | 25.00 | NOTE | |
| r-release-windows-x86_64 | 1.1 | 5.00 | 43.00 | 48.00 | NOTE | |
| r-oldrel-macos-arm64 | 1.1 | 2.00 | 15.00 | 17.00 | NOTE | |
| r-oldrel-macos-x86_64 | 1.1 | 3.00 | 17.00 | 20.00 | NOTE | |
| r-oldrel-windows-x86_64 | 1.1 | 6.00 | 37.00 | 43.00 | NOTE | 
Version: 1.1
Check: CRAN incoming feasibility
Result: NOTE
  Maintainer: ‘Katharine Mullen <katharine.mullen@stat.ucla.edu>’
  
  No Authors@R field in DESCRIPTION.
  Please add one, modifying
    Authors@R: person(given = "Katharine",
                      family = "Mullen",
                      role = c("aut", "cre"),
                      email = "katharine.mullen@stat.ucla.edu")
  as necessary.
  
  Package CITATION file contains call(s) to old-style personList() or
  as.personList().  Please use c() on person objects instead.
  Package CITATION file contains call(s) to old-style citEntry().  Please
  use bibentry() instead.
Flavors: r-devel-linux-x86_64-debian-clang, r-devel-linux-x86_64-debian-gcc
Version: 1.1
Check: DESCRIPTION meta-information
Result: NOTE
  Malformed Description field: should contain one or more complete sentences.
Flavors: r-devel-linux-x86_64-debian-clang, r-devel-linux-x86_64-debian-gcc, r-devel-linux-x86_64-fedora-clang, r-devel-linux-x86_64-fedora-gcc, r-devel-windows-x86_64, r-patched-linux-x86_64, r-release-linux-x86_64, r-release-macos-arm64, r-release-macos-x86_64, r-release-windows-x86_64, r-oldrel-macos-arm64, r-oldrel-macos-x86_64, r-oldrel-windows-x86_64
Version: 1.1
Check: compiled code
Result: NOTE
  File ‘globalOptTests/libs/globalOptTests.so’:
    Found no calls to: ‘R_registerRoutines’, ‘R_useDynamicSymbols’
  
  It is good practice to register native routines and to disable symbol
  search.
  
  See ‘Writing portable packages’ in the ‘Writing R Extensions’ manual.
Flavors: r-devel-linux-x86_64-fedora-clang, r-devel-linux-x86_64-fedora-gcc