Last updated on 2025-07-25 03:51:24 CEST.
Flavor | Version | Tinstall | Tcheck | Ttotal | Status | Flags |
---|---|---|---|---|---|---|
r-devel-linux-x86_64-debian-clang | 0.13.0 | 27.09 | 64.53 | 91.62 | OK | |
r-devel-linux-x86_64-debian-gcc | 0.13.0 | 20.73 | 47.18 | 67.91 | OK | |
r-devel-linux-x86_64-fedora-clang | 0.13.0 | 151.63 | OK | |||
r-devel-linux-x86_64-fedora-gcc | 0.13.0 | 160.92 | OK | |||
r-devel-windows-x86_64 | 0.13.0 | 32.00 | 113.00 | 145.00 | OK | |
r-patched-linux-x86_64 | 0.13.0 | 28.50 | 60.87 | 89.37 | OK | |
r-release-linux-x86_64 | 0.13.0 | 28.98 | 60.71 | 89.69 | OK | |
r-release-macos-arm64 | 0.13.0 | 64.00 | OK | |||
r-release-macos-x86_64 | 0.13.0 | 115.00 | OK | |||
r-release-windows-x86_64 | 0.13.0 | 33.00 | 106.00 | 139.00 | OK | |
r-oldrel-macos-arm64 | 0.13.0 | 37.00 | NOTE | |||
r-oldrel-macos-x86_64 | 0.13.0 | 72.00 | NOTE | |||
r-oldrel-windows-x86_64 | 0.13.0 | 38.00 | 125.00 | 163.00 | OK |
Version: 0.13.0
Check: installed package size
Result: NOTE
installed size is 11.5Mb
sub-directories of 1Mb or more:
doc 1.3Mb
libs 9.9Mb
Flavors: r-oldrel-macos-arm64, r-oldrel-macos-x86_64